NOAA style reports

NOAA-style Climate Reports

2017: Jan | Feb | Mar | Apr | May | Jun | Jul | Aug | Sep | Oct | Nov | Dec 
2016: Jan | Feb | Mar | Apr | May | Jun | Jul | Aug | Sep | Oct | Nov | Dec 
2015: Jan | Feb | Mar | Apr | May | Jun | Jul | Aug | Sep | Oct | Nov | Dec 
2014: Jan | Feb | Mar | Apr | May | Jun | Jul | Aug | Sep | Oct | Nov | Dec 
2013: Jan | Feb | Mar | Apr | May | Jun | Jul | Aug | Sep | Oct | Nov | Dec 
2012: Jan | Feb | Mar | Apr | May | Jun | Jul | Aug | Sep | Oct | Nov | Dec 
2011: Jan | Feb | Mar | Apr | May | Jun | Jul | Aug | Sep | Oct | Nov | Dec 

Report for 2017 03
MONTHLY CLIMATOLOGICAL SUMMARY for JAN. 2017 NAME: Vaughan Weather CITY: Vaughan STATE: Ontario ELEV: 188 m LAT: 43 47' 23" N LONG: 79 36' 42" W TEMPERATURE (C), RAIN (mm), WIND SPEED (km/hr) HEAT COOL AVG MEAN DEG DEG WIND DOM DAY TEMP HIGH TIME LOW TIME DAYS DAYS RAIN SPEED HIGH TIME DIR ------------------------------------------------------------------------------------ 1 -0.1 2.7 2:28p -3.4 11:58p 18.3 0.0 0.0 8.5 40.2 2:35a WSW 2 0.4 4.8 1:04p -4.7 7:46a 17.8 0.0 0.0 6.0 29.0 10:49a E 3 3.1 4.1 12:51p 1.4 11:21p 15.2 0.0 12.7 3.2 19.3 5:31a ESE 4 -2.4 2.7 3:43a -8.4 10:41p 20.7 0.0 0.3 17.9 59.5 12:21p WSW 5 -7.9 -6.4 1:58p -11.3 11:57p 26.1 0.0 0.0 13.7 48.3 12:26a WSW 6 -10.8 -7.1 2:19p -13.1 7:46a 28.8 0.0 0.0 7.9 33.8 11:27a WSW 7 -11.4 -7.0 1:08p -15.3 8:18a 29.3 0.0 0.0 5.8 30.6 2:20p SW 8 -10.9 -9.1 3:37a -12.6 8:03p 29.0 0.0 0.0 10.5 35.4 12:09a NW 9 -5.9 -2.8 2:39p -10.2 12:01a 24.0 0.0 0.0 11.3 41.8 9:46a SSW 10 0.3 6.9 11:59p -3.6 12:01a 17.9 0.0 17.0 12.7 59.5 10:18p SSE 11 3.6 7.4 12:50a 0.7 8:41a 14.6 0.0 4.1 13.8 70.8 1:52a WSW 12 13 14 15 16 17 18 19 20 21 22 23 24 25 26 27 28 29 30 31 ------------------------------------------------------------------------------------- -3.8 7.4 11 -15.3 7 241.8 0.0 34.0 10.1 70.8 11 WSW Max >= 32.0: 0 Max <= 0.0: 5 Min <= 0.0: 9 Min <= -18.0: 0 Max Rain: 17.02 ON 01/10/17 Days of Rain: 4 (> .2 mm) 3 (> 2 mm) 0 (> 20 mm) Heat Base: 18.3 Cool Base: 18.3 Method: Integration