NOAA style reports

NOAA-style Climate Reports

2018: Jan | Feb | Mar | Apr | May | Jun | Jul | Aug | Sep | Oct | Nov | Dec 
2017: Jan | Feb | Mar | Apr | May | Jun | Jul | Aug | Sep | Oct | Nov | Dec 
2016: Jan | Feb | Mar | Apr | May | Jun | Jul | Aug | Sep | Oct | Nov | Dec 
2015: Jan | Feb | Mar | Apr | May | Jun | Jul | Aug | Sep | Oct | Nov | Dec 
2014: Jan | Feb | Mar | Apr | May | Jun | Jul | Aug | Sep | Oct | Nov | Dec 
2013: Jan | Feb | Mar | Apr | May | Jun | Jul | Aug | Sep | Oct | Nov | Dec 
2012: Jan | Feb | Mar | Apr | May | Jun | Jul | Aug | Sep | Oct | Nov | Dec 
2011: Jan | Feb | Mar | Apr | May | Jun | Jul | Aug | Sep | Oct | Nov | Dec 

Report for 2018 01
MONTHLY CLIMATOLOGICAL SUMMARY for JAN. 2018 NAME: Vaughan Weather CITY: Vaughan STATE: Ontario ELEV: 188 m LAT: 43 47' 23" N LONG: 79 36' 42" W TEMPERATURE (C), RAIN (mm), WIND SPEED (km/hr) HEAT COOL AVG MEAN DEG DEG WIND DOM DAY TEMP HIGH TIME LOW TIME DAYS DAYS RAIN SPEED HIGH TIME DIR ------------------------------------------------------------------------------------ 1 -16.1 -8.1 1:28p -23.8 4:20a 34.2 0.0 0.0 8.5 43.5 7:45p NW 2 -10.2 -7.2 1:19p -14.4 12:01a 28.4 0.0 0.0 11.3 49.9 3:21p SW 3 -9.5 -6.0 2:01p -13.4 2:36a 27.7 0.0 0.0 11.3 40.2 2:54p SW 4 -12.9 -8.7 12:14a -20.0 11:44p 31.0 0.0 0.0 15.0 46.7 1:34p NNW 5 -19.1 -15.3 4:05p -22.1 5:28a 37.1 0.0 0.0 14.3 40.2 11:35a NNW 6 -20.4 -15.9 3:32p -24.6 8:14a 38.4 0.0 0.0 5.3 24.1 10:42a NNW 7 -12.4 -2.7 11:59p -23.2 12:01a 30.5 0.0 0.0 10.3 45.1 9:54p SSW 8 0.2 2.3 12:22p -2.7 12:01a 18.0 0.0 2.3 12.4 41.8 1:26p SSW 9 -0.5 0.6 12:01a -1.5 11:24p 18.8 0.0 0.0 6.1 29.0 12:38a W 10 -1.1 3.2 12:00m -7.8 7:41a 19.3 0.0 1.5 1.3 22.5 11:08a SE 11 8.7 11.5 8:12p 3.1 12:01a 9.6 0.0 6.9 5.0 38.6 11:07p S 12 8.8 12.3 5:16a 0.0 11:53a 4.7 0.0 6.6 9.3 51.5 10:41a NNW 13 14 15 16 17 18 19 20 21 22 23 24 25 26 27 28 29 30 31 ------------------------------------------------------------------------------------- -7.0 12.3 12 -24.6 6 297.8 0.0 17.3 9.2 51.5 12 SW Max >= 32.0: 0 Max <= 0.0: 7 Min <= 0.0: 11 Min <= -18.0: 5 Max Rain: 6.86 ON 01/11/18 Days of Rain: 4 (> .2 mm) 3 (> 2 mm) 0 (> 20 mm) Heat Base: 18.3 Cool Base: 18.3 Method: Integration