NOAA style reports

NOAA-style Climate Reports

2017: Jan | Feb | Mar | Apr | May | Jun | Jul | Aug | Sep | Oct | Nov | Dec 
2016: Jan | Feb | Mar | Apr | May | Jun | Jul | Aug | Sep | Oct | Nov | Dec 
2015: Jan | Feb | Mar | Apr | May | Jun | Jul | Aug | Sep | Oct | Nov | Dec 
2014: Jan | Feb | Mar | Apr | May | Jun | Jul | Aug | Sep | Oct | Nov | Dec 
2013: Jan | Feb | Mar | Apr | May | Jun | Jul | Aug | Sep | Oct | Nov | Dec 
2012: Jan | Feb | Mar | Apr | May | Jun | Jul | Aug | Sep | Oct | Nov | Dec 
2011: Jan | Feb | Mar | Apr | May | Jun | Jul | Aug | Sep | Oct | Nov | Dec 

Report for 2017 11
MONTHLY CLIMATOLOGICAL SUMMARY for OCT. 2017 NAME: Vaughan Weather CITY: Vaughan STATE: Ontario ELEV: 188 m LAT: 43 47' 23" N LONG: 79 36' 42" W TEMPERATURE (C), RAIN (mm), WIND SPEED (km/hr) HEAT COOL AVG MEAN DEG DEG WIND DOM DAY TEMP HIGH TIME LOW TIME DAYS DAYS RAIN SPEED HIGH TIME DIR ------------------------------------------------------------------------------------ 1 10.8 19.7 3:32p 2.8 7:17a 8.6 0.1 0.0 1.3 16.1 1:49p NNW 2 12.9 21.2 2:51p 5.7 6:43a 6.5 0.5 0.0 2.6 25.7 2:04p ESE 3 17.1 25.3 3:10p 6.8 7:21a 5.3 3.4 0.0 2.6 25.7 1:17p SSE 4 20.2 24.7 3:27p 13.4 11:59p 1.0 3.5 0.3 8.4 45.1 6:02p SW 5 15.8 23.1 3:33p 8.4 6:02a 5.4 1.5 0.3 4.5 37.0 4:29p W 6 16.9 20.6 3:16p 13.4 6:45a 3.0 0.7 1.5 0.6 16.1 4:30p SSE 7 20.9 26.9 3:52p 17.2 1:36a 0.4 5.9 2.5 7.2 46.7 3:55p SSE 8 21.1 25.7 3:52p 17.4 11:58p 0.0 4.9 4.3 6.9 57.9 12:57a SSW 9 18.4 23.1 4:16p 15.1 11:57p 2.1 2.5 8.6 0.8 16.1 5:31p N 10 16.3 22.7 3:04p 10.7 7:48a 6.2 2.2 0.3 3.7 25.7 5:17p N 11 9.8 13.2 12:01a 7.3 7:59p 17.6 0.0 5.1 4.8 27.4 2:09p NE 12 11.2 15.0 9:23p 7.4 12:01a 13.5 0.0 0.0 6.6 33.8 3:02p ESE 13 16.1 18.6 4:54p 14.3 2:13a 4.0 0.0 0.3 2.3 20.9 12:21a SSE 14 15 16 17 18 19 20 21 22 23 24 25 26 27 28 29 30 31 ------------------------------------------------------------------------------------- 16.0 26.9 7 2.8 1 73.5 25.3 23.1 4.0 57.9 8 SSE Max >= 32.0: 0 Max <= 0.0: 0 Min <= 0.0: 0 Min <= -18.0: 0 Max Rain: 8.64 ON 10/09/17 Days of Rain: 9 (> .2 mm) 4 (> 2 mm) 0 (> 20 mm) Heat Base: 18.3 Cool Base: 18.3 Method: Integration