NOAA style reports

NOAA-style Climate Reports

2017: Jan | Feb | Mar | Apr | May | Jun | Jul | Aug | Sep | Oct | Nov | Dec 
2016: Jan | Feb | Mar | Apr | May | Jun | Jul | Aug | Sep | Oct | Nov | Dec 
2015: Jan | Feb | Mar | Apr | May | Jun | Jul | Aug | Sep | Oct | Nov | Dec 
2014: Jan | Feb | Mar | Apr | May | Jun | Jul | Aug | Sep | Oct | Nov | Dec 
2013: Jan | Feb | Mar | Apr | May | Jun | Jul | Aug | Sep | Oct | Nov | Dec 
2012: Jan | Feb | Mar | Apr | May | Jun | Jul | Aug | Sep | Oct | Nov | Dec 
2011: Jan | Feb | Mar | Apr | May | Jun | Jul | Aug | Sep | Oct | Nov | Dec 

Report for 2017 05
MONTHLY CLIMATOLOGICAL SUMMARY for MAY. 2017 NAME: Vaughan Weather CITY: Vaughan STATE: Ontario ELEV: 188 m LAT: 43 47' 23" N LONG: 79 36' 42" W TEMPERATURE (C), RAIN (mm), WIND SPEED (km/hr) HEAT COOL AVG MEAN DEG DEG WIND DOM DAY TEMP HIGH TIME LOW TIME DAYS DAYS RAIN SPEED HIGH TIME DIR ------------------------------------------------------------------------------------ 1 9.6 13.8 7:16p 5.7 12:19a 8.7 0.0 19.3 5.5 32.2 3:16a ESE 2 9.5 12.4 12:01a 6.1 11:10p 8.8 0.0 0.5 14.3 53.1 4:04p SW 3 9.3 15.7 3:27p 4.1 6:25a 9.0 0.0 0.0 12.1 43.5 2:50a NNW 4 6.9 11.4 1:26p 3.7 3:48a 11.3 0.0 14.5 4.8 30.6 7:15p ENE 5 7.6 9.6 4:09p 6.2 11:48p 10.7 0.0 15.5 9.7 38.6 6:21p N 6 5.8 7.6 2:31p 4.8 9:09p 12.4 0.0 1.3 17.5 43.5 5:47p NNW 7 6.7 11.1 2:43p 3.2 5:48a 11.6 0.0 1.0 16.3 46.7 3:51a NNW 8 7.1 12.7 2:20p 1.4 5:44a 11.2 0.0 0.0 11.4 46.7 4:03p NW 9 8.5 14.2 3:23p 3.9 6:48a 9.8 0.0 0.0 2.6 22.5 4:39p N 10 8.8 14.3 3:01p 3.3 6:12a 9.4 0.0 0.0 2.4 27.4 4:00p SSE 11 10.6 15.9 3:51p 6.4 5:26a 7.7 0.0 0.0 5.8 30.6 10:29a E 12 11.6 18.4 2:02p 4.5 6:16a 6.7 0.0 0.0 1.6 20.9 3:45p SSW 13 13.7 19.4 3:57p 9.8 12:00m 4.6 0.0 0.8 1.3 27.4 5:24p SE 14 11.2 18.1 12:37p 4.8 6:31a 7.1 0.0 1.5 10.8 51.5 5:19p NNW 15 13.3 19.9 3:45p 6.9 6:14a 5.2 0.1 0.0 10.8 37.0 12:44p NNW 16 12.7 17.6 5:51p 7.4 6:29a 5.6 0.0 0.0 3.2 32.2 11:55a SSE 17 21.7 31.1 4:48p 9.1 6:12a 2.6 5.9 0.0 10.3 51.5 4:59p SW 18 24.9 31.3 2:40p 18.1 11:59p 0.0 6.6 3.3 12.4 64.4 5:14p SW 19 11.8 18.1 12:01a 8.1 9:30a 6.4 0.0 0.0 11.3 38.6 2:52a NNW 20 12.2 18.2 3:34p 5.2 5:59a 6.1 0.0 0.0 7.7 38.6 11:22a ESE 21 12.7 14.0 12:28p 10.9 8:11a 5.6 0.0 13.5 6.6 32.2 2:15a ESE 22 14.6 17.5 5:52p 12.3 11:58p 3.7 0.0 0.0 6.1 38.6 2:46p W 23 16.1 23.4 3:32p 8.2 5:46a 3.4 1.2 0.0 3.1 27.4 12:54p WNW 24 16.0 22.1 11:54a 13.1 6:02a 1.3 0.2 0.0 2.6 22.5 8:26a E 25 26 27 28 29 30 31 ------------------------------------------------------------------------------------- 11.8 31.3 18 1.4 8 168.8 14.0 71.1 7.9 64.4 18 NNW Max >= 32.0: 0 Max <= 0.0: 0 Min <= 0.0: 0 Min <= -18.0: 0 Max Rain: 19.30 ON 05/01/17 Days of Rain: 10 (> .2 mm) 5 (> 2 mm) 0 (> 20 mm) Heat Base: 18.3 Cool Base: 18.3 Method: Integration