NOAA style reports

NOAA-style Climate Reports

2017: Jan | Feb | Mar | Apr | May | Jun | Jul | Aug | Sep | Oct | Nov | Dec 
2016: Jan | Feb | Mar | Apr | May | Jun | Jul | Aug | Sep | Oct | Nov | Dec 
2015: Jan | Feb | Mar | Apr | May | Jun | Jul | Aug | Sep | Oct | Nov | Dec 
2014: Jan | Feb | Mar | Apr | May | Jun | Jul | Aug | Sep | Oct | Nov | Dec 
2013: Jan | Feb | Mar | Apr | May | Jun | Jul | Aug | Sep | Oct | Nov | Dec 
2012: Jan | Feb | Mar | Apr | May | Jun | Jul | Aug | Sep | Oct | Nov | Dec 
2011: Jan | Feb | Mar | Apr | May | Jun | Jul | Aug | Sep | Oct | Nov | Dec 

Report for 2011 09
MONTHLY CLIMATOLOGICAL SUMMARY for SEP. 2011 NAME: Vaughan Weather CITY: Vaughan STATE: Ontario ELEV: 188 m LAT: 43 47' 23" N LONG: 79 36' 42" W TEMPERATURE (C), RAIN (mm), WIND SPEED (km/hr) HEAT COOL AVG MEAN DEG DEG WIND DOM DAY TEMP HIGH TIME LOW TIME DAYS DAYS RAIN SPEED HIGH TIME DIR ------------------------------------------------------------------------------------ 1 2 3 4 5 6 12.8 12.8 11:53p 12.8 11:53p 0.0 0.0 0.0 0.5 6.4 12:00m N 7 16.2 20.3 1:55p 12.8 12:01a 2.2 0.2 0.0 8.0 35.4 1:49p NE 8 18.3 22.5 5:03p 15.9 11:55p 0.9 1.0 0.0 4.8 24.1 10:57a NE 9 19.8 27.3 3:35p 13.5 7:07a 1.4 2.9 0.0 3.7 16.1 11:48a NW 10 19.3 26.0 4:02p 13.3 7:10a 1.4 2.4 0.0 4.3 20.9 11:51a NW 11 18.4 26.2 2:03p 11.1 6:13a 2.1 2.3 0.0 3.1 20.9 1:58p NW 12 21.7 29.1 2:31p 15.3 7:03a 0.5 3.9 0.0 5.0 29.0 6:31p SW 13 20.0 27.1 12:40p 11.4 11:35p 0.8 2.6 0.0 10.8 37.0 10:40a SSW 14 14.2 22.1 3:41p 7.3 6:37a 4.7 0.7 2.5 5.8 24.1 10:16p WSW 15 10.4 15.4 1:31p 5.6 7:22a 7.9 0.0 1.3 8.2 35.4 1:38p NW 16 9.7 15.8 2:20p 4.1 6:54a 8.6 0.0 0.0 4.7 22.5 2:46p NW 17 10.8 18.1 3:09p 5.2 2:35a 7.4 0.0 0.0 4.0 24.1 2:13p NW 18 13.1 20.3 2:30p 5.2 7:16a 5.4 0.3 0.0 6.1 33.8 11:28a ESE 19 14.0 17.4 11:53a 8.9 5:07a 4.3 0.0 18.3 6.8 27.4 10:41a ESE 20 16.4 21.9 4:44p 10.4 7:08a 2.6 0.7 0.0 3.9 17.7 6:00p WNW 21 16.8 22.6 12:57p 11.2 3:16a 2.2 0.7 6.3 4.7 25.7 1:47p SE 22 18.3 22.9 3:08p 13.9 10:52p 1.2 1.2 0.0 4.8 25.7 1:20p NW 23 16.0 18.5 9:22p 14.1 12:06a 2.3 0.0 23.9 7.1 38.6 4:15p ENE 24 15.8 22.1 2:57p 10.9 7:16a 3.2 0.7 0.0 3.2 20.9 12:49a SE 25 18.2 24.7 2:10p 12.1 7:08a 1.9 1.8 0.0 5.6 27.4 11:58a E 26 20.8 25.9 2:33p 16.7 12:01a 0.3 2.8 0.0 9.7 37.0 9:38p E 27 20.3 23.7 3:46p 15.9 11:40p 0.1 2.1 0.0 6.1 27.4 12:23a ESE 28 17.7 23.4 1:51p 14.3 8:06a 1.4 0.8 4.3 3.5 19.3 1:04p SE 29 15.1 19.4 3:52p 12.8 3:49a 3.3 0.0 4.6 3.7 24.1 4:27p S 30 12.8 17.4 3:09p 8.1 11:35p 5.5 0.0 11.4 6.9 41.8 10:42p SSW ------------------------------------------------------------------------------------- 16.3 29.1 12 4.1 16 71.8 27.0 72.6 5.4 41.8 30 NW Max >= 32.0: 0 Max <= 0.0: 0 Min <= 0.0: 0 Min <= -18.0: 0 Max Rain: 23.88 ON 23/09/11 Days of Rain: 8 (> .2 mm) 7 (> 2 mm) 1 (> 20 mm) Heat Base: 18.3 Cool Base: 18.3 Method: Integration