NOAA style reports

NOAA-style Climate Reports

2017: Jan | Feb | Mar | Apr | May | Jun | Jul | Aug | Sep | Oct | Nov | Dec 
2016: Jan | Feb | Mar | Apr | May | Jun | Jul | Aug | Sep | Oct | Nov | Dec 
2015: Jan | Feb | Mar | Apr | May | Jun | Jul | Aug | Sep | Oct | Nov | Dec 
2014: Jan | Feb | Mar | Apr | May | Jun | Jul | Aug | Sep | Oct | Nov | Dec 
2013: Jan | Feb | Mar | Apr | May | Jun | Jul | Aug | Sep | Oct | Nov | Dec 
2012: Jan | Feb | Mar | Apr | May | Jun | Jul | Aug | Sep | Oct | Nov | Dec 
2011: Jan | Feb | Mar | Apr | May | Jun | Jul | Aug | Sep | Oct | Nov | Dec 

Report for 2011 10
MONTHLY CLIMATOLOGICAL SUMMARY for OCT. 2011 NAME: Vaughan Weather CITY: Vaughan STATE: Ontario ELEV: 188 m LAT: 43 47' 23" N LONG: 79 36' 42" W TEMPERATURE (C), RAIN (mm), WIND SPEED (km/hr) HEAT COOL AVG MEAN DEG DEG WIND DOM DAY TEMP HIGH TIME LOW TIME DAYS DAYS RAIN SPEED HIGH TIME DIR ------------------------------------------------------------------------------------ 1 8.4 12.2 3:30p 5.2 10:31p 9.8 0.0 0.0 11.6 46.7 7:03a N 2 6.2 9.1 11:23p 3.6 2:24a 12.0 0.0 2.0 8.9 38.6 10:37a N 3 11.4 13.9 12:59p 9.0 12:17a 6.9 0.0 5.3 5.3 19.3 12:19a N 4 14.1 19.7 3:29p 9.5 11:39p 4.3 0.1 0.3 5.5 25.7 11:25a NNW 5 12.2 19.9 2:49p 5.8 7:26a 6.3 0.2 0.0 3.7 19.3 10:26a NW 6 10.7 19.2 3:03p 3.1 7:04a 7.6 0.0 0.0 2.7 17.7 3:54p NW 7 14.2 24.3 2:55p 5.7 7:15a 5.4 1.2 0.0 2.7 19.3 1:52p SE 8 16.1 26.1 1:09p 7.5 7:26a 4.1 1.9 0.0 3.2 20.9 12:37p SSE 9 18.1 28.1 3:05p 9.4 7:42a 3.2 2.9 0.0 2.4 17.7 1:56p SW 10 18.3 26.8 2:33p 11.6 7:04a 2.4 2.4 0.0 2.6 17.7 2:41p NW 11 16.8 23.6 1:21p 10.2 7:27a 2.8 1.3 0.0 3.4 17.7 2:41p NNW 12 15.8 18.9 12:09p 13.1 10:27p 2.5 0.0 10.9 7.6 38.6 6:28p ESE 13 15.8 19.9 1:46p 13.2 12:01a 2.6 0.1 0.5 7.7 29.0 11:59p SE 14 15.3 17.6 11:56a 11.1 11:56p 3.0 0.0 6.3 11.9 37.0 6:16p W 15 9.4 11.1 12:01a 8.6 8:12a 8.8 0.0 0.3 15.8 53.1 4:10p SW 16 9.7 13.1 11:35a 7.6 7:07a 8.6 0.0 0.5 8.9 45.1 11:48a WSW 17 9.2 12.2 1:18p 5.5 4:27a 9.1 0.0 0.0 10.1 49.9 2:12p SW 18 10.5 14.0 2:31p 6.4 7:39a 7.8 0.0 0.0 5.1 19.3 4:13a SW 19 9.7 11.1 5:20p 8.2 6:02a 8.6 0.0 19.6 8.7 41.8 9:42p NE 20 9.8 11.3 2:53a 6.7 11:15p 8.4 0.0 27.2 10.8 41.8 8:52a SSW 21 8.1 10.1 1:24p 5.9 10:12p 10.1 0.0 0.3 8.7 30.6 6:40a WNW 22 7.7 9.3 11:44a 4.7 11:59p 10.5 0.0 0.0 4.7 17.7 10:40a W 23 7.8 14.9 3:18p 0.8 7:45a 10.4 0.0 0.0 4.2 29.0 3:39p SE 24 10.4 15.1 2:28p 5.4 11:47p 7.9 0.0 2.3 8.4 41.8 5:35p W 25 7.2 13.1 1:22p 3.3 7:47a 11.1 0.0 17.0 6.0 27.4 3:38p W 26 5.8 6.8 4:54a 3.9 11:59p 12.5 0.0 10.2 6.1 29.0 6:29a NNE 27 2.8 4.8 3:39p -1.3 11:59p 15.4 0.0 0.3 4.5 20.9 12:30p NNE 28 3.6 9.6 3:17p -1.9 1:34a 14.7 0.0 0.0 2.6 19.3 3:05p SSE 29 4.7 9.4 2:58p 0.2 11:59p 13.5 0.0 2.0 3.5 22.5 11:11a E 30 3.9 10.7 2:38p -2.6 8:03a 14.2 0.0 0.3 3.7 24.1 1:47p S 31 6.5 10.9 2:10p 3.1 8:10a 11.7 0.0 0.0 3.5 19.3 12:57p SE ------------------------------------------------------------------------------------- 10.3 28.1 9 -2.6 30 256.0 10.3 105.2 6.3 53.1 15 NNW Max >= 32.0: 0 Max <= 0.0: 0 Min <= 0.0: 3 Min <= -18.0: 0 Max Rain: 27.18 ON 20/10/11 Days of Rain: 17 (> .2 mm) 10 (> 2 mm) 1 (> 20 mm) Heat Base: 18.3 Cool Base: 18.3 Method: Integration