NOAA style reports

NOAA-style Climate Reports

2017: Jan | Feb | Mar | Apr | May | Jun | Jul | Aug | Sep | Oct | Nov | Dec 
2016: Jan | Feb | Mar | Apr | May | Jun | Jul | Aug | Sep | Oct | Nov | Dec 
2015: Jan | Feb | Mar | Apr | May | Jun | Jul | Aug | Sep | Oct | Nov | Dec 
2014: Jan | Feb | Mar | Apr | May | Jun | Jul | Aug | Sep | Oct | Nov | Dec 
2013: Jan | Feb | Mar | Apr | May | Jun | Jul | Aug | Sep | Oct | Nov | Dec 
2012: Jan | Feb | Mar | Apr | May | Jun | Jul | Aug | Sep | Oct | Nov | Dec 
2011: Jan | Feb | Mar | Apr | May | Jun | Jul | Aug | Sep | Oct | Nov | Dec 

Report for 2011 11
MONTHLY CLIMATOLOGICAL SUMMARY for NOV. 2011 NAME: Vaughan Weather CITY: Vaughan STATE: Ontario ELEV: 188 m LAT: 43 47' 23" N LONG: 79 36' 42" W TEMPERATURE (C), RAIN (mm), WIND SPEED (km/hr) HEAT COOL AVG MEAN DEG DEG WIND DOM DAY TEMP HIGH TIME LOW TIME DAYS DAYS RAIN SPEED HIGH TIME DIR ------------------------------------------------------------------------------------ 1 7.4 13.1 4:21p 2.0 6:22a 10.8 0.0 0.0 3.4 24.1 4:23p SSE 2 10.6 19.4 3:28p 2.3 6:37a 7.7 0.1 0.0 6.8 33.8 12:22p SSW 3 8.0 12.4 12:01a 3.4 11:58p 10.3 0.0 0.0 5.6 30.6 10:34a N 4 3.3 8.9 1:21p -1.7 7:36a 14.9 0.0 0.0 5.1 35.4 12:56p N 5 2.8 8.9 2:16p -1.9 8:01a 15.3 0.0 0.8 4.0 24.1 12:04p ESE 6 6.0 14.1 2:00p -3.1 6:56a 12.2 0.0 0.0 4.5 30.6 10:45a SSE 7 12.6 17.2 1:58p 8.6 1:31a 5.7 0.0 0.0 7.2 27.4 11:14a SW 8 10.6 12.2 10:48a 8.9 11:24p 7.7 0.0 1.0 2.1 14.5 3:22p ESE 9 11.7 14.7 1:52p 8.9 12:06a 6.7 0.0 5.1 6.0 54.7 11:59p SSE 10 5.6 9.3 12:04a 0.8 11:56p 12.6 0.0 0.0 9.8 51.5 12:06a SW 11 2.6 5.3 11:05a -1.1 1:32a 15.6 0.0 0.0 9.3 40.2 11:32a W 12 7.5 13.2 2:56p 2.7 6:39a 10.7 0.0 0.0 7.7 30.6 11:32a SW 13 12.4 16.3 11:40p 7.3 2:28a 5.8 0.0 0.0 13.4 48.3 11:14a S 14 11.4 16.7 1:34a 6.4 11:53p 6.9 0.0 9.1 6.6 43.5 1:37a SSW 15 8.1 13.1 2:29p 3.6 6:30a 10.3 0.0 0.3 3.7 22.5 10:36p SSE 16 7.6 11.2 12:14p 1.7 11:45p 10.8 0.0 0.0 8.5 29.0 1:23p WSW 17 1.1 5.5 11:57a -1.3 10:14p 17.2 0.0 0.0 10.5 40.2 1:06p WSW 18 2.8 7.9 3:16p -1.2 5:03a 15.5 0.0 0.0 13.4 41.8 3:36p SSW 19 8.2 13.1 1:02p 3.5 5:15a 10.1 0.0 0.0 12.7 43.5 12:39p SSW 20 8.3 13.9 8:20a 0.9 11:16p 10.0 0.0 0.0 13.4 46.7 8:45a NNW 21 -0.2 3.4 3:17p -3.2 11:47p 18.3 0.0 0.0 3.2 19.3 3:17a N 22 -0.8 1.9 11:55a -3.8 1:23a 18.9 0.0 10.2 8.0 33.8 3:18p ENE 23 2.8 7.9 2:13p -0.2 11:06p 15.4 0.0 5.1 6.4 33.8 11:37a NNW 24 3.6 8.3 11:59a -1.4 6:02a 14.6 0.0 0.0 7.6 30.6 9:52p SW 25 9.7 16.6 2:08p 4.9 6:49a 8.5 0.0 0.0 11.6 38.6 4:19p SW 26 10.8 12.9 3:31p 7.8 7:27a 7.5 0.0 0.0 6.1 35.4 1:11p SSW 27 11.0 12.6 1:27p 5.9 12:00m 7.3 0.0 4.3 9.0 32.2 10:28a SSW 28 4.7 6.2 12:26p 2.8 7:08a 13.6 0.0 0.5 6.1 24.1 12:41a NW 29 4.1 5.1 10:37a 3.2 12:00m 14.1 0.0 50.5 9.2 48.3 4:09p N 30 1.4 3.2 12:01a -0.6 8:03p 16.8 0.0 2.0 9.5 41.8 1:56p NW ------------------------------------------------------------------------------------- 6.5 19.4 2 -3.8 22 351.6 0.1 88.9 7.7 54.7 9 SW Max >= 32.0: 0 Max <= 0.0: 0 Min <= 0.0: 11 Min <= -18.0: 0 Max Rain: 50.55 ON 29/11/11 Days of Rain: 11 (> .2 mm) 7 (> 2 mm) 1 (> 20 mm) Heat Base: 18.3 Cool Base: 18.3 Method: Integration