NOAA style reports

NOAA-style Climate Reports

2017: Jan | Feb | Mar | Apr | May | Jun | Jul | Aug | Sep | Oct | Nov | Dec 
2016: Jan | Feb | Mar | Apr | May | Jun | Jul | Aug | Sep | Oct | Nov | Dec 
2015: Jan | Feb | Mar | Apr | May | Jun | Jul | Aug | Sep | Oct | Nov | Dec 
2014: Jan | Feb | Mar | Apr | May | Jun | Jul | Aug | Sep | Oct | Nov | Dec 
2013: Jan | Feb | Mar | Apr | May | Jun | Jul | Aug | Sep | Oct | Nov | Dec 
2012: Jan | Feb | Mar | Apr | May | Jun | Jul | Aug | Sep | Oct | Nov | Dec 
2011: Jan | Feb | Mar | Apr | May | Jun | Jul | Aug | Sep | Oct | Nov | Dec 

Report for 2012 02
MONTHLY CLIMATOLOGICAL SUMMARY for FEB. 2012 NAME: Vaughan Weather CITY: Vaughan STATE: Ontario ELEV: 188 m LAT: 43 47' 23" N LONG: 79 36' 42" W TEMPERATURE (C), RAIN (mm), WIND SPEED (km/hr) HEAT COOL AVG MEAN DEG DEG WIND DOM DAY TEMP HIGH TIME LOW TIME DAYS DAYS RAIN SPEED HIGH TIME DIR ------------------------------------------------------------------------------------ 1 5.2 9.7 12:01a 1.2 12:00m 12.8 0.0 0.0 10.9 38.6 11:26a WNW 2 -0.8 1.2 12:01a -2.7 10:02p 18.9 0.0 0.0 6.0 22.5 2:59p NNW 3 1.0 2.8 3:35p -1.2 3:41a 17.2 0.0 0.0 4.3 19.3 9:50a WSW 4 -0.1 2.0 2:37p -3.3 4:12a 17.7 0.0 0.0 1.9 14.5 3:58p WNW 5 1.2 3.8 3:56p -1.8 8:03a 17.1 0.0 0.0 5.6 22.5 10:01p NNW 6 2.6 8.0 2:47p -1.6 4:25a 15.5 0.0 0.0 8.7 35.4 11:51a SW 7 -1.5 2.0 5:10a -7.3 11:56p 19.7 0.0 0.0 9.0 32.2 11:59a NNW 8 -3.4 2.4 2:51p -9.1 7:17a 21.2 0.0 0.0 4.3 20.9 12:12p WSW 9 -0.3 5.7 2:46p -6.0 7:15a 18.3 0.0 0.0 7.9 29.0 11:00p SW 10 -1.4 0.4 1:42p -5.4 11:59p 19.4 0.0 0.5 9.7 32.2 10:20a SW 11 -10.3 -5.4 12:01a -13.5 9:30a 28.0 0.0 1.0 12.7 41.8 3:29p N 12 -5.4 -2.8 2:24p -9.1 8:56a 23.1 0.0 0.3 10.6 41.8 5:52a W 13 -1.9 3.1 2:20p -6.3 3:07a 19.9 0.0 0.0 8.5 32.2 1:46p W 14 0.1 1.3 3:23p -2.2 12:16a 18.2 0.0 0.5 6.9 29.0 9:51a SSW 15 1.6 3.6 2:40p -0.9 11:15p 16.6 0.0 0.3 5.8 25.7 6:20p SW 16 2.6 4.9 5:00p -1.3 1:32a 15.6 0.0 0.0 6.1 29.0 11:58p ESE 17 0.8 3.4 12:58p -1.8 10:32p 17.4 0.0 0.0 7.6 45.1 1:24p W 18 -0.6 2.2 1:07p -4.7 11:57p 18.7 0.0 4.6 6.3 33.8 5:31p NNW 19 -4.4 -1.2 2:57p -7.9 12:00m 22.4 0.0 0.0 7.7 27.4 9:37a NNW 20 -3.8 2.8 3:11p -10.8 7:29a 22.0 0.0 0.0 3.2 19.3 1:57p NW 21 0.1 3.9 12:00m -5.0 12:19a 18.0 0.0 0.3 6.9 32.2 5:07p SE 22 3.1 6.2 2:36p 0.2 12:00m 15.1 0.0 0.0 10.5 48.3 10:34a SW 23 1.5 6.4 1:38p -1.7 11:10p 16.6 0.0 0.0 4.2 24.1 1:24p NW 24 1.3 4.3 3:42p -0.9 12:03a 16.9 0.0 7.9 13.7 46.7 8:01p E 25 -2.1 0.3 12:05a -5.3 11:11p 20.3 0.0 0.0 16.4 49.9 8:31a NW 26 -3.1 0.2 1:18p -7.5 5:52a 21.2 0.0 0.0 5.6 30.6 10:04p SE 27 1.8 8.7 12:13p -1.9 2:16a 16.4 0.0 0.0 12.6 54.7 12:57p W 28 -0.1 3.0 3:59p -3.0 7:03a 18.3 0.0 0.0 7.2 46.7 1:24a NW 29 0.5 1.4 5:34p -0.4 9:02a 17.7 0.0 3.0 14.3 48.3 1:13p E ------------------------------------------------------------------------------------- -0.5 9.7 1 -13.5 11 540.0 0.0 18.3 8.1 54.7 27 SW Max >= 32.0: 0 Max <= 0.0: 3 Min <= 0.0: 27 Min <= -18.0: 0 Max Rain: 7.87 ON 24/02/12 Days of Rain: 9 (> .2 mm) 3 (> 2 mm) 0 (> 20 mm) Heat Base: 18.3 Cool Base: 18.3 Method: Integration