NOAA style reports

NOAA-style Climate Reports

2017: Jan | Feb | Mar | Apr | May | Jun | Jul | Aug | Sep | Oct | Nov | Dec 
2016: Jan | Feb | Mar | Apr | May | Jun | Jul | Aug | Sep | Oct | Nov | Dec 
2015: Jan | Feb | Mar | Apr | May | Jun | Jul | Aug | Sep | Oct | Nov | Dec 
2014: Jan | Feb | Mar | Apr | May | Jun | Jul | Aug | Sep | Oct | Nov | Dec 
2013: Jan | Feb | Mar | Apr | May | Jun | Jul | Aug | Sep | Oct | Nov | Dec 
2012: Jan | Feb | Mar | Apr | May | Jun | Jul | Aug | Sep | Oct | Nov | Dec 
2011: Jan | Feb | Mar | Apr | May | Jun | Jul | Aug | Sep | Oct | Nov | Dec 

Report for 2012 03
MONTHLY CLIMATOLOGICAL SUMMARY for MAR. 2012 NAME: Vaughan Weather CITY: Vaughan STATE: Ontario ELEV: 188 m LAT: 43 47' 23" N LONG: 79 36' 42" W TEMPERATURE (C), RAIN (mm), WIND SPEED (km/hr) HEAT COOL AVG MEAN DEG DEG WIND DOM DAY TEMP HIGH TIME LOW TIME DAYS DAYS RAIN SPEED HIGH TIME DIR ------------------------------------------------------------------------------------ 1 1.6 4.1 2:00p -0.4 1:05a 16.7 0.0 2.3 6.8 38.6 1:04a W 2 3.8 8.2 1:38p 0.8 12:31a 14.5 0.0 4.3 8.5 35.4 7:12p ESE 3 3.1 8.4 1:44a -0.9 12:00m 15.2 0.0 1.0 23.7 72.4 9:14a SW 4 -5.9 -0.9 12:01a -11.9 12:00m 24.0 0.0 0.3 10.6 32.2 7:49p NNW 5 -8.5 -2.7 3:16p -14.1 5:04a 26.4 0.0 0.0 8.2 29.0 10:16a WNW 6 -1.8 4.2 2:20p -9.7 4:01a 19.7 0.0 0.0 6.8 40.2 2:32p SSE 7 10.3 16.5 2:04p 0.0 2:24a 7.9 0.0 0.0 14.2 57.9 3:44p SSW 8 8.6 15.1 6:00a -0.8 11:58p 9.7 0.0 1.5 19.3 57.9 6:35a SW 9 -1.6 3.1 12:07p -6.2 11:55p 19.6 0.0 0.5 15.4 61.2 9:19p WNW 10 -3.3 2.0 8:07p -9.6 6:32a 21.4 0.0 0.0 9.0 41.8 5:13p S 11 9.3 17.8 3:42p -0.2 1:43a 8.6 0.0 0.0 8.0 35.4 11:29a SW 12 7.6 14.1 1:33p 1.6 7:02a 10.7 0.0 0.0 4.5 22.5 2:31p SE 13 11.7 16.9 2:51p 4.2 12:00m 6.5 0.0 4.8 9.8 43.5 4:58p W 14 9.4 18.2 5:03p 1.7 6:15a 8.8 0.0 0.0 4.8 22.5 1:52p W 15 10.8 19.7 4:16p 5.8 6:01a 7.5 0.1 0.5 6.3 32.2 8:16a S 16 12.9 18.5 5:55p 7.2 7:40a 5.4 0.0 0.0 3.4 25.7 12:52p N 17 9.2 14.7 5:10p 6.0 8:26a 9.1 0.0 0.0 5.1 20.9 3:07a ESE 18 12.6 22.4 3:23p 6.4 7:46a 6.2 0.5 0.0 2.7 19.3 3:52p S 19 16.2 24.2 4:16p 9.6 7:55a 3.7 1.5 0.0 3.4 22.5 2:39p S 20 15.1 23.7 4:52p 8.6 8:11a 4.3 1.1 0.0 3.2 22.5 3:01p SSE 21 16.9 25.3 5:14p 9.7 6:51a 3.4 1.9 0.0 3.7 22.5 4:12p SSE 22 17.8 27.5 4:10p 8.9 7:18a 3.0 2.5 0.0 3.2 22.5 5:44p NW 23 14.8 17.9 4:57p 11.6 10:27a 3.5 0.0 4.3 10.0 40.2 4:13p E 24 11.1 14.3 12:36a 7.8 11:12p 7.2 0.0 0.0 14.3 43.5 1:42a ESE 25 11.4 18.9 3:59p 4.9 11:59p 6.8 0.0 0.0 9.2 41.8 9:01p NNW 26 0.4 4.9 12:01a -2.7 7:40a 16.7 0.0 0.0 15.4 46.7 1:36a NNW 27 0.4 6.0 4:03p -5.6 7:54a 17.8 0.0 0.0 6.9 29.0 4:03p SSE 28 9.5 18.4 12:28p 3.1 12:01a 8.7 0.0 0.5 13.4 46.7 10:40a NW 29 2.7 4.9 12:01a -1.1 11:58p 15.4 0.0 0.0 12.7 41.8 12:17a NNW 30 0.8 5.6 12:01p -4.4 6:41a 17.2 0.0 0.0 8.4 38.6 4:31p NNW 31 3.9 9.4 2:52p -0.2 1:06a 14.0 0.0 0.0 6.3 24.1 3:41a NNE ------------------------------------------------------------------------------------- 6.8 27.5 22 -14.1 5 359.7 7.7 20.1 8.9 72.4 3 NNW Max >= 32.0: 0 Max <= 0.0: 2 Min <= 0.0: 15 Min <= -18.0: 0 Max Rain: 4.83 ON 13/03/12 Days of Rain: 10 (> .2 mm) 4 (> 2 mm) 0 (> 20 mm) Heat Base: 18.3 Cool Base: 18.3 Method: Integration