NOAA style reports

NOAA-style Climate Reports

2017: Jan | Feb | Mar | Apr | May | Jun | Jul | Aug | Sep | Oct | Nov | Dec 
2016: Jan | Feb | Mar | Apr | May | Jun | Jul | Aug | Sep | Oct | Nov | Dec 
2015: Jan | Feb | Mar | Apr | May | Jun | Jul | Aug | Sep | Oct | Nov | Dec 
2014: Jan | Feb | Mar | Apr | May | Jun | Jul | Aug | Sep | Oct | Nov | Dec 
2013: Jan | Feb | Mar | Apr | May | Jun | Jul | Aug | Sep | Oct | Nov | Dec 
2012: Jan | Feb | Mar | Apr | May | Jun | Jul | Aug | Sep | Oct | Nov | Dec 
2011: Jan | Feb | Mar | Apr | May | Jun | Jul | Aug | Sep | Oct | Nov | Dec 

Report for 2012 04
MONTHLY CLIMATOLOGICAL SUMMARY for APR. 2012 NAME: Vaughan Weather CITY: Vaughan STATE: Ontario ELEV: 188 m LAT: 43 47' 23" N LONG: 79 36' 42" W TEMPERATURE (C), RAIN (mm), WIND SPEED (km/hr) HEAT COOL AVG MEAN DEG DEG WIND DOM DAY TEMP HIGH TIME LOW TIME DAYS DAYS RAIN SPEED HIGH TIME DIR ------------------------------------------------------------------------------------ 1 4.1 5.8 5:15p 1.9 3:02a 14.0 0.0 2.0 4.3 25.7 8:20p SSW 2 5.8 12.3 2:45p 0.3 7:17a 12.4 0.0 0.0 9.8 33.8 4:39p NNW 3 6.3 11.8 5:59p -1.6 6:56a 12.0 0.0 0.0 4.2 20.9 1:44p SSE 4 6.8 10.9 12:27p 1.3 6:42a 11.5 0.0 0.0 11.3 46.7 1:19p NNW 5 3.6 8.9 3:22p -0.5 6:40a 14.6 0.0 0.0 9.5 32.2 4:24p NNW 6 5.2 11.6 3:58p 0.1 5:36a 13.1 0.0 0.0 11.4 37.0 1:11p NNW 7 7.7 15.7 3:26p 0.1 4:56a 10.6 0.0 0.0 8.4 35.4 2:49p NNW 8 7.4 16.5 12:40p -0.4 7:01a 10.8 0.0 0.0 10.3 51.5 6:29p WNW 9 7.3 12.8 2:24p 2.6 6:11a 10.9 0.0 0.0 19.8 59.5 3:42p WNW 10 4.8 7.4 12:45p 2.1 6:32a 13.5 0.0 0.0 13.8 40.2 9:50a WNW 11 5.6 10.7 4:08p 2.5 3:27a 12.6 0.0 0.3 12.2 45.1 5:25p NNW 12 6.5 13.4 3:12p 0.4 6:51a 11.7 0.0 0.0 7.1 27.4 4:45p NNW 13 8.3 16.9 4:53p -0.1 5:59a 9.9 0.0 0.0 6.1 24.1 2:43p NNW 14 9.9 16.7 3:57p 1.7 7:07a 8.3 0.0 0.0 7.2 35.4 4:22p SSW 15 15.4 19.3 5:15p 12.3 7:13a 3.1 0.1 0.8 6.6 33.8 3:48p SSW 16 18.8 25.8 1:03p 11.1 11:59p 1.9 2.5 0.0 16.6 70.8 2:39p SW 17 6.8 11.1 12:01a 0.5 11:59p 11.5 0.0 0.0 13.0 45.1 12:36a WNW 18 4.8 11.8 3:50p -2.5 6:37a 13.4 0.0 0.0 5.6 24.1 10:27a SSE 19 12.4 23.4 2:52p 4.0 5:39a 6.7 0.8 0.0 5.5 25.7 3:16p SSE 20 13.4 22.6 6:42p 5.7 12:00m 5.5 0.7 0.5 9.7 46.7 7:53p NNW 21 5.2 8.1 4:03p 3.1 6:30a 12.4 0.0 8.4 10.8 35.4 12:47a N 22 6.7 12.6 4:51p 3.4 7:39a 11.5 0.0 0.0 9.2 35.4 3:10p NNE 23 4.3 7.8 12:01a 1.6 10:58p 13.8 0.0 13.2 16.4 53.1 10:48a NNW 24 3.8 6.9 12:51p 1.1 7:19a 14.5 0.0 3.0 15.4 40.2 11:16a WNW 25 7.8 14.1 5:13p 1.7 5:41a 10.5 0.0 0.0 8.4 30.6 11:08a WNW 26 6.8 9.9 4:59p 3.5 11:59p 11.5 0.0 0.5 8.4 49.9 5:21p NNW 27 3.6 8.3 3:33p 0.1 7:24a 14.5 0.0 0.0 13.5 46.7 10:04a NNW 28 4.1 11.3 5:35p -2.6 6:23a 14.2 0.0 0.0 4.8 22.5 7:52p NNW 29 6.7 14.3 2:51p -1.6 5:31a 11.5 0.0 0.0 8.0 38.6 1:25p NNW 30 5.2 9.4 11:58a -0.7 5:57a 13.0 0.0 8.9 5.5 33.8 2:12p ESE ------------------------------------------------------------------------------------- 7.2 25.8 16 -2.6 28 335.5 4.1 37.6 9.8 70.8 16 NNW Max >= 32.0: 0 Max <= 0.0: 0 Min <= 0.0: 8 Min <= -18.0: 0 Max Rain: 13.21 ON 23/04/12 Days of Rain: 9 (> .2 mm) 5 (> 2 mm) 0 (> 20 mm) Heat Base: 18.3 Cool Base: 18.3 Method: Integration