NOAA style reports

NOAA-style Climate Reports

2017: Jan | Feb | Mar | Apr | May | Jun | Jul | Aug | Sep | Oct | Nov | Dec 
2016: Jan | Feb | Mar | Apr | May | Jun | Jul | Aug | Sep | Oct | Nov | Dec 
2015: Jan | Feb | Mar | Apr | May | Jun | Jul | Aug | Sep | Oct | Nov | Dec 
2014: Jan | Feb | Mar | Apr | May | Jun | Jul | Aug | Sep | Oct | Nov | Dec 
2013: Jan | Feb | Mar | Apr | May | Jun | Jul | Aug | Sep | Oct | Nov | Dec 
2012: Jan | Feb | Mar | Apr | May | Jun | Jul | Aug | Sep | Oct | Nov | Dec 
2011: Jan | Feb | Mar | Apr | May | Jun | Jul | Aug | Sep | Oct | Nov | Dec 

Report for 2012 05
MONTHLY CLIMATOLOGICAL SUMMARY for MAY. 2012 NAME: Vaughan Weather CITY: Vaughan STATE: Ontario ELEV: 188 m LAT: 43 47' 23" N LONG: 79 36' 42" W TEMPERATURE (C), RAIN (mm), WIND SPEED (km/hr) HEAT COOL AVG MEAN DEG DEG WIND DOM DAY TEMP HIGH TIME LOW TIME DAYS DAYS RAIN SPEED HIGH TIME DIR ------------------------------------------------------------------------------------ 1 9.6 14.1 4:36p 5.3 6:20a 8.7 0.0 0.3 4.5 19.3 10:24a NNW 2 11.4 17.3 2:07p 4.4 5:20a 6.8 0.0 0.3 5.8 33.8 1:13p ESE 3 15.8 21.9 2:54p 10.0 2:06a 3.1 0.6 25.4 5.5 29.0 7:44p NNW 4 17.3 22.3 3:03p 12.4 11:42p 1.8 0.8 0.0 7.1 30.6 5:15p N 5 12.8 18.1 2:44p 7.4 6:25a 5.4 0.0 0.0 5.6 25.7 3:03p NNE 6 13.7 20.3 1:04p 5.2 6:24a 4.9 0.3 0.0 4.7 25.7 12:21p NNW 7 14.5 16.3 1:08p 13.0 3:18a 3.8 0.0 0.0 7.1 37.0 12:28p ESE 8 14.2 16.3 5:24p 11.2 11:57p 4.1 0.0 6.1 3.2 16.1 1:00p NNW 9 12.4 20.3 12:47p 8.4 11:47p 6.0 0.1 3.6 6.1 41.8 1:10p NW 10 11.2 15.9 2:27p 6.8 5:48a 7.1 0.0 0.0 11.9 43.5 4:37p NNW 11 14.5 22.5 4:29p 4.7 6:25a 4.8 1.0 0.0 5.5 30.6 12:32p NW 12 17.5 27.0 2:16p 7.2 6:04a 3.4 2.6 0.0 6.9 30.6 3:37p WNW 13 15.9 21.8 3:19p 11.3 5:50a 2.9 0.6 1.0 4.0 20.9 3:47p NW 14 16.8 23.9 4:38p 9.4 6:39a 3.1 1.6 0.0 3.9 22.5 1:12p NNW 15 18.6 26.1 4:04p 8.4 6:17a 2.6 2.9 0.0 6.1 32.2 7:00p S 16 13.5 18.5 12:01a 7.6 11:59p 4.7 0.0 1.3 9.3 40.2 4:40p NW 17 11.6 18.8 3:57p 3.3 6:00a 6.6 0.0 0.0 4.3 25.7 4:01p NW 18 14.7 22.2 5:11p 5.4 6:02a 4.5 0.9 0.0 3.2 25.7 2:27p SSE 19 19.3 29.9 4:06p 8.3 5:49a 2.9 3.9 0.0 3.1 25.7 5:24p SSE 20 22.1 30.0 1:44p 12.4 5:52a 1.3 5.1 0.0 4.0 22.5 12:23p SE 21 21.1 27.9 3:31p 13.8 5:44a 1.0 3.8 0.0 6.0 29.0 10:23p SSE 22 18.2 25.2 4:37p 12.9 6:36a 1.8 1.7 0.0 7.4 24.1 1:51a N 23 20.1 25.7 4:20p 15.7 12:17a 0.6 2.3 0.0 6.0 27.4 1:15p ESE 24 22.3 28.0 3:37p 15.1 5:55a 0.6 4.6 0.0 6.8 33.8 1:48p SE 25 24.3 31.2 4:37p 18.2 11:59p 0.0 6.0 0.0 8.9 38.6 10:56a SSE 26 20.4 26.2 2:03p 15.3 5:22a 0.6 2.7 0.0 4.3 22.5 5:40p NNW 27 19.4 26.1 3:56p 13.7 4:26a 1.2 2.3 0.0 5.1 33.8 7:44p ESE 28 24.1 32.7 3:13p 14.9 3:51a 0.7 6.5 0.0 6.8 38.6 6:41p SSW 29 24.9 28.2 11:09a 19.1 11:59p 0.0 6.6 0.0 10.0 41.8 4:02p SW 30 17.4 23.1 1:30p 12.0 12:00m 1.9 1.0 0.0 6.6 27.4 1:30p NW 31 14.2 19.5 4:36p 7.6 5:21a 4.2 0.1 0.0 6.3 25.7 1:21p NNW ------------------------------------------------------------------------------------- 16.9 32.7 28 3.3 17 101.1 58.0 37.8 6.0 43.5 10 NNW Max >= 32.0: 1 Max <= 0.0: 0 Min <= 0.0: 0 Min <= -18.0: 0 Max Rain: 25.40 ON 03/05/12 Days of Rain: 7 (> .2 mm) 3 (> 2 mm) 1 (> 20 mm) Heat Base: 18.3 Cool Base: 18.3 Method: Integration