NOAA style reports

NOAA-style Climate Reports

2017: Jan | Feb | Mar | Apr | May | Jun | Jul | Aug | Sep | Oct | Nov | Dec 
2016: Jan | Feb | Mar | Apr | May | Jun | Jul | Aug | Sep | Oct | Nov | Dec 
2015: Jan | Feb | Mar | Apr | May | Jun | Jul | Aug | Sep | Oct | Nov | Dec 
2014: Jan | Feb | Mar | Apr | May | Jun | Jul | Aug | Sep | Oct | Nov | Dec 
2013: Jan | Feb | Mar | Apr | May | Jun | Jul | Aug | Sep | Oct | Nov | Dec 
2012: Jan | Feb | Mar | Apr | May | Jun | Jul | Aug | Sep | Oct | Nov | Dec 
2011: Jan | Feb | Mar | Apr | May | Jun | Jul | Aug | Sep | Oct | Nov | Dec 

Report for 2012 07
MONTHLY CLIMATOLOGICAL SUMMARY for JUL. 2012 NAME: Vaughan Weather CITY: Vaughan STATE: Ontario ELEV: 188 m LAT: 43 47' 23" N LONG: 79 36' 42" W TEMPERATURE (C), RAIN (mm), WIND SPEED (km/hr) HEAT COOL AVG MEAN DEG DEG WIND DOM DAY TEMP HIGH TIME LOW TIME DAYS DAYS RAIN SPEED HIGH TIME DIR ------------------------------------------------------------------------------------ 1 23.3 30.3 4:42p 16.9 5:02a 0.1 5.1 0.0 7.6 33.8 2:18p NW 2 23.6 30.8 4:16p 14.2 5:58a 0.6 5.9 0.0 4.7 27.4 11:31a NW 3 23.1 28.6 12:50p 16.2 5:16a 0.2 5.0 0.0 5.3 29.0 12:35p SSW 4 27.3 35.4 3:53p 19.1 5:12a 0.0 8.9 0.0 5.6 29.0 3:46p NNW 5 24.5 29.7 1:50p 19.3 5:55a 0.0 6.2 0.0 4.3 24.1 1:41p SSE 6 27.8 35.3 4:59p 20.4 4:34a 0.0 9.4 0.0 4.0 24.1 11:40a N 7 22.8 27.0 5:07p 19.7 9:52a 0.0 4.5 1.3 5.0 27.4 8:36a NNW 8 22.0 29.5 2:21p 17.2 11:57p 0.1 3.8 0.0 7.4 32.2 4:53p NNW 9 20.6 26.7 4:31p 14.1 5:05a 1.0 3.2 0.3 4.0 22.5 2:24p NNW 10 22.3 28.8 3:55p 15.3 6:10a 0.4 4.4 0.0 5.0 22.5 1:30p NNW 11 22.7 29.8 3:20p 14.4 5:27a 0.8 5.1 0.0 4.8 29.0 3:52p NNW 12 24.3 32.7 5:09p 14.8 6:10a 0.6 6.6 0.0 4.2 29.0 2:31p NW 13 25.4 33.3 4:01p 17.4 5:19a 0.1 7.2 0.0 4.2 33.8 4:45p NNW 14 26.7 31.6 3:00p 22.0 5:48a 0.0 8.4 0.0 6.3 29.0 4:42p SSW 15 24.3 29.5 2:36p 21.4 11:57p 0.0 5.9 2.8 4.0 33.8 4:19p SSE 16 26.4 32.4 2:33p 19.2 6:04a 0.0 8.1 0.0 5.8 25.7 4:40p NW 17 29.6 36.1 1:48p 23.3 11:58p 0.0 11.3 0.0 11.9 37.0 2:39p SW 18 23.9 29.2 4:20p 18.9 11:58p 0.0 5.7 0.0 6.0 24.1 5:30p NNW 19 20.6 23.7 1:05p 16.2 5:49a 0.3 2.6 0.0 5.1 24.1 11:54a E 20 20.9 27.2 5:04p 16.1 5:28a 0.4 3.0 1.5 5.5 32.2 12:44p NE 21 21.7 28.8 3:54p 12.8 6:19a 1.2 4.5 0.3 5.5 32.2 3:42p NW 22 25.2 32.1 2:31p 20.8 5:42a 0.0 6.9 1.3 5.3 30.6 4:53p SW 23 27.4 35.3 4:50p 19.9 6:18a 0.0 9.1 1.3 8.0 43.5 3:28p SW 24 23.4 26.8 12:32p 17.8 11:57p 0.0 5.1 0.0 10.0 37.0 1:59p NNW 25 21.4 29.5 3:57p 14.5 6:16a 0.8 4.0 36.8 5.8 33.8 5:48p S 26 21.7 26.9 3:58p 17.9 12:03a 0.0 3.4 13.5 5.3 27.4 2:30p N 27 22.4 27.1 1:35p 18.4 5:59a 0.0 4.2 0.0 3.7 19.3 1:47p N 28 22.8 28.7 5:07p 18.1 4:49a 0.0 4.5 1.0 4.7 24.1 4:35p NNW 29 23.1 30.3 3:55p 15.7 6:35a 0.4 5.2 0.0 4.3 24.1 4:06p NW 30 23.7 30.1 4:17p 15.4 6:15a 0.4 5.8 0.0 5.5 33.8 7:05p NW 31 22.6 29.6 11:15a 18.7 4:59a 0.0 4.3 39.1 3.7 30.6 12:48p SSW ------------------------------------------------------------------------------------- 23.8 36.1 17 12.8 21 7.3 177.1 99.1 5.6 43.5 23 NNW Max >= 32.0: 8 Max <= 0.0: 0 Min <= 0.0: 0 Min <= -18.0: 0 Max Rain: 39.12 ON 31/07/12 Days of Rain: 11 (> .2 mm) 4 (> 2 mm) 2 (> 20 mm) Heat Base: 18.3 Cool Base: 18.3 Method: Integration