NOAA style reports

NOAA-style Climate Reports

2017: Jan | Feb | Mar | Apr | May | Jun | Jul | Aug | Sep | Oct | Nov | Dec 
2016: Jan | Feb | Mar | Apr | May | Jun | Jul | Aug | Sep | Oct | Nov | Dec 
2015: Jan | Feb | Mar | Apr | May | Jun | Jul | Aug | Sep | Oct | Nov | Dec 
2014: Jan | Feb | Mar | Apr | May | Jun | Jul | Aug | Sep | Oct | Nov | Dec 
2013: Jan | Feb | Mar | Apr | May | Jun | Jul | Aug | Sep | Oct | Nov | Dec 
2012: Jan | Feb | Mar | Apr | May | Jun | Jul | Aug | Sep | Oct | Nov | Dec 
2011: Jan | Feb | Mar | Apr | May | Jun | Jul | Aug | Sep | Oct | Nov | Dec 

Report for 2012 08
MONTHLY CLIMATOLOGICAL SUMMARY for AUG. 2012 NAME: Vaughan Weather CITY: Vaughan STATE: Ontario ELEV: 188 m LAT: 43 47' 23" N LONG: 79 36' 42" W TEMPERATURE (C), RAIN (mm), WIND SPEED (km/hr) HEAT COOL AVG MEAN DEG DEG WIND DOM DAY TEMP HIGH TIME LOW TIME DAYS DAYS RAIN SPEED HIGH TIME DIR ------------------------------------------------------------------------------------ 1 22.8 27.9 3:00p 17.4 5:14a 0.1 4.5 0.0 5.1 27.4 1:38p NNW 2 22.8 28.5 5:15p 15.1 6:20a 0.6 5.1 0.0 4.8 27.4 3:59p SW 3 26.0 31.3 5:20p 19.7 6:05a 0.0 7.7 0.0 3.4 19.3 4:02p ESE 4 26.9 32.9 3:49p 21.1 5:39a 0.0 8.5 2.3 5.5 33.8 2:41p SE 5 24.5 28.3 4:48p 17.2 11:59p 0.0 6.2 2.5 10.8 48.3 4:14a SW 6 20.7 27.3 5:44p 14.8 4:25a 0.9 3.3 0.0 6.1 20.9 6:40a WNW 7 22.7 30.3 4:19p 13.4 5:48a 1.1 5.5 0.0 4.7 32.2 5:21p SW 8 24.3 30.1 3:43p 19.9 6:30a 0.0 6.0 0.0 4.3 22.5 4:47p NNW 9 19.2 20.4 1:06p 18.1 10:01p 0.0 0.9 4.6 3.9 16.1 12:04a N 10 19.6 22.7 5:55p 17.8 2:02a 0.1 1.5 22.6 4.5 29.0 12:10p ESE 11 19.2 21.3 10:23a 17.1 11:56p 0.1 1.0 15.7 5.5 35.4 6:59p S 12 19.7 25.1 4:16p 15.9 3:52a 0.6 1.9 1.3 5.3 27.4 5:03p WNW 13 21.4 27.8 2:18p 18.0 11:54p 0.0 3.1 6.3 4.8 27.4 5:42p W 14 18.7 21.9 6:12p 16.8 11:59p 0.3 0.7 3.8 1.0 14.5 8:45p NNW 15 19.7 26.1 3:06p 13.4 6:37a 1.2 2.6 0.3 2.1 19.3 6:58p NW 16 21.9 28.4 2:30p 14.2 6:45a 0.9 4.5 0.0 6.0 37.0 5:18p S 17 20.4 24.6 1:51p 14.4 11:57p 0.4 2.5 0.3 10.1 33.8 3:58p WNW 18 17.2 23.1 5:37p 10.5 6:55a 2.4 1.3 0.0 3.5 19.3 12:48p NW 19 18.4 25.8 3:13p 11.3 6:15a 2.1 2.2 0.0 3.7 24.1 2:25p NW 20 17.4 23.5 2:40p 11.9 5:21a 2.2 1.4 0.0 4.8 29.0 4:51p NW 21 18.2 26.2 3:58p 9.4 6:51a 2.7 2.6 0.0 4.3 27.4 3:59p NW 22 20.1 27.4 3:06p 11.9 6:26a 1.7 3.5 0.0 4.2 27.4 2:57p WNW 23 21.9 29.3 3:58p 13.3 6:24a 1.2 4.8 0.0 3.1 19.3 3:17p NW 24 22.7 30.3 4:10p 14.3 6:52a 0.6 5.0 0.0 3.5 24.1 5:45p SE 25 23.9 31.5 3:22p 16.2 6:46a 0.3 5.9 0.0 3.7 27.4 3:54p SSE 26 23.2 29.2 2:54p 16.5 7:02a 0.2 5.1 0.0 5.0 33.8 3:20p SSE 27 22.2 26.3 5:50p 19.4 2:39a 0.0 3.9 5.3 4.2 22.5 5:32p SSW 28 19.8 25.3 1:45p 13.9 11:49p 0.7 2.2 0.0 7.9 35.4 5:55p NNW 29 17.7 24.9 4:38p 10.3 6:41a 2.4 1.9 0.0 3.4 19.3 11:35a NW 30 21.1 30.1 4:26p 11.4 6:34a 1.8 4.6 0.0 7.4 33.8 7:52p SW 31 24.4 32.3 2:39p 17.7 5:41a 0.0 6.1 0.0 9.3 37.0 4:51p WNW ------------------------------------------------------------------------------------- 21.3 32.9 4 9.4 21 24.8 116.2 65.0 5.0 48.3 5 NW Max >= 32.0: 2 Max <= 0.0: 0 Min <= 0.0: 0 Min <= -18.0: 0 Max Rain: 22.61 ON 10/08/12 Days of Rain: 11 (> .2 mm) 8 (> 2 mm) 1 (> 20 mm) Heat Base: 18.3 Cool Base: 18.3 Method: Integration