NOAA style reports

NOAA-style Climate Reports

2017: Jan | Feb | Mar | Apr | May | Jun | Jul | Aug | Sep | Oct | Nov | Dec 
2016: Jan | Feb | Mar | Apr | May | Jun | Jul | Aug | Sep | Oct | Nov | Dec 
2015: Jan | Feb | Mar | Apr | May | Jun | Jul | Aug | Sep | Oct | Nov | Dec 
2014: Jan | Feb | Mar | Apr | May | Jun | Jul | Aug | Sep | Oct | Nov | Dec 
2013: Jan | Feb | Mar | Apr | May | Jun | Jul | Aug | Sep | Oct | Nov | Dec 
2012: Jan | Feb | Mar | Apr | May | Jun | Jul | Aug | Sep | Oct | Nov | Dec 
2011: Jan | Feb | Mar | Apr | May | Jun | Jul | Aug | Sep | Oct | Nov | Dec 

Report for 2012 10
MONTHLY CLIMATOLOGICAL SUMMARY for OCT. 2012 NAME: Vaughan Weather CITY: Vaughan STATE: Ontario ELEV: 188 m LAT: 43 47' 23" N LONG: 79 36' 42" W TEMPERATURE (C), RAIN (mm), WIND SPEED (km/hr) HEAT COOL AVG MEAN DEG DEG WIND DOM DAY TEMP HIGH TIME LOW TIME DAYS DAYS RAIN SPEED HIGH TIME DIR ------------------------------------------------------------------------------------ 1 14.7 19.7 12:49p 10.4 7:40a 3.7 0.1 0.0 5.0 25.7 11:25a WNW 2 15.3 21.7 3:44p 9.6 1:28a 3.5 0.5 0.0 3.7 24.1 2:19p ESE 3 16.7 18.8 5:31p 15.1 12:01a 1.6 0.0 0.0 3.2 22.5 10:58a ESE 4 18.0 24.2 3:14p 13.7 7:24a 1.7 1.4 0.0 7.7 43.5 1:35p SSW 5 15.6 18.3 12:06p 10.2 11:58p 2.7 0.0 2.0 8.0 29.0 10:06a W 6 8.9 11.8 3:12p 4.9 12:00m 9.4 0.0 1.8 9.8 38.6 12:23p W 7 5.4 9.6 2:59p 2.7 6:14a 12.8 0.0 0.5 2.1 17.7 8:47a NW 8 6.3 13.3 3:07p -0.1 7:36a 11.9 0.0 0.3 4.0 32.2 2:39p SSW 9 8.6 14.1 1:50p 2.4 2:43a 9.6 0.0 0.0 5.6 35.4 2:41p S 10 8.2 11.5 1:18p 3.6 11:38p 10.1 0.0 1.0 10.0 43.5 6:09p W 11 7.2 12.4 5:41p 2.5 5:40a 11.1 0.0 0.3 10.1 41.8 2:57p SW 12 5.3 8.8 1:52p -0.3 11:58p 12.9 0.0 0.0 7.4 32.2 2:32p NNW 13 4.0 9.4 12:04p -2.9 7:45a 14.2 0.0 3.8 4.8 29.0 11:10a SE 14 15.6 21.1 4:51p 7.5 12:01a 3.2 0.6 5.1 8.9 45.1 3:04p SSW 15 11.0 18.6 1:29a 5.2 12:00m 7.3 0.0 0.5 15.3 56.3 3:25a WNW 16 7.0 12.1 3:27p 2.7 7:50a 11.3 0.0 0.3 4.5 27.4 11:08a W 17 9.4 16.8 4:04p 2.8 2:35a 8.8 0.0 1.5 4.3 27.4 1:35p ESE 18 11.9 18.6 3:15p 9.3 12:52a 6.4 0.0 8.1 8.2 43.5 3:38p ESE 19 11.1 15.2 3:04p 8.5 1:36a 7.2 0.0 0.0 5.5 24.1 4:59a ESE 20 9.7 12.3 11:41a 7.9 10:43p 8.6 0.0 3.8 6.8 27.4 2:59p SW 21 10.6 16.1 3:29p 6.4 11:57p 7.7 0.0 0.0 8.0 35.4 2:46p W 22 11.2 19.9 3:46p 2.9 5:18a 7.2 0.2 0.0 2.3 20.9 1:08p SW 23 10.1 11.5 12:09a 8.7 11:39p 8.2 0.0 17.5 6.3 27.4 9:19a ENE 24 10.2 11.8 11:31p 8.5 7:44a 8.1 0.0 0.5 3.7 17.7 1:07a ESE 25 14.8 22.3 3:54p 11.0 12:00m 4.0 0.5 0.0 4.7 20.9 1:01p ESE 26 10.6 15.8 10:00a 6.6 11:53p 7.7 0.0 1.8 6.6 32.2 10:56a NNW 27 6.6 7.2 2:40p 5.5 12:00m 11.6 0.0 22.9 8.4 32.2 4:28p N 28 4.6 5.6 12:01a 4.1 6:33a 13.7 0.0 8.1 10.9 33.8 4:39p N 29 3.6 4.4 2:26p 3.1 9:52p 14.6 0.0 10.9 19.8 62.8 11:55p N 30 8.3 12.2 3:28p 3.7 12:01a 10.0 0.0 7.6 14.8 59.5 1:32a N 31 7.0 7.9 2:05p 6.2 6:14a 11.3 0.0 3.8 1.9 12.9 8:35p W ------------------------------------------------------------------------------------- 9.9 24.2 4 -2.9 13 262.0 3.2 102.1 7.2 62.8 29 W Max >= 32.0: 0 Max <= 0.0: 0 Min <= 0.0: 3 Min <= -18.0: 0 Max Rain: 22.86 ON 27/10/12 Days of Rain: 21 (> .2 mm) 11 (> 2 mm) 1 (> 20 mm) Heat Base: 18.3 Cool Base: 18.3 Method: Integration