NOAA style reports

NOAA-style Climate Reports

2017: Jan | Feb | Mar | Apr | May | Jun | Jul | Aug | Sep | Oct | Nov | Dec 
2016: Jan | Feb | Mar | Apr | May | Jun | Jul | Aug | Sep | Oct | Nov | Dec 
2015: Jan | Feb | Mar | Apr | May | Jun | Jul | Aug | Sep | Oct | Nov | Dec 
2014: Jan | Feb | Mar | Apr | May | Jun | Jul | Aug | Sep | Oct | Nov | Dec 
2013: Jan | Feb | Mar | Apr | May | Jun | Jul | Aug | Sep | Oct | Nov | Dec 
2012: Jan | Feb | Mar | Apr | May | Jun | Jul | Aug | Sep | Oct | Nov | Dec 
2011: Jan | Feb | Mar | Apr | May | Jun | Jul | Aug | Sep | Oct | Nov | Dec 

Report for 2013 04
MONTHLY CLIMATOLOGICAL SUMMARY for APR. 2013 NAME: Vaughan Weather CITY: Vaughan STATE: Ontario ELEV: 188 m LAT: 43 47' 23" N LONG: 79 36' 42" W TEMPERATURE (C), RAIN (mm), WIND SPEED (km/hr) HEAT COOL AVG MEAN DEG DEG WIND DOM DAY TEMP HIGH TIME LOW TIME DAYS DAYS RAIN SPEED HIGH TIME DIR ------------------------------------------------------------------------------------ 1 0.2 5.9 12:01a -4.4 11:54p 18.1 0.0 0.0 18.3 57.9 1:33p WNW 2 -2.4 2.0 2:56p -5.8 7:04a 20.3 0.0 0.0 14.5 51.5 4:47p WNW 3 -1.4 2.9 3:13p -5.7 6:56a 19.2 0.0 0.0 11.9 43.5 10:57a WNW 4 3.4 11.7 4:48p -4.7 6:50a 14.8 0.0 0.0 9.2 35.4 5:15p SW 5 2.2 5.3 12:49a -2.6 11:45p 16.0 0.0 0.0 11.9 40.2 12:37p NNW 6 0.3 5.9 4:09p -6.2 6:51a 16.7 0.0 0.0 6.9 30.6 1:48p ESE 7 7.6 17.2 12:08p 2.6 1:46a 10.6 0.0 0.5 14.2 56.3 12:46p WNW 8 5.9 10.6 1:37p 3.7 6:40a 12.2 0.0 10.2 7.2 43.5 9:31p ESE 9 8.6 14.4 2:22p 4.7 6:19a 9.7 0.0 11.7 6.9 38.6 3:59a NNW 10 5.2 6.6 12:01a 3.6 11:56p 13.0 0.0 12.7 7.2 29.0 4:08p N 11 1.1 3.7 2:01a -1.1 10:11a 17.2 0.0 5.1 11.3 38.6 10:54p E 12 2.3 5.8 6:10p 0.0 12:01a 15.9 0.0 16.5 5.8 35.4 12:37a WSW 13 4.4 6.4 1:47p 2.7 11:57p 13.8 0.0 0.5 9.5 40.2 1:54p SW 14 4.0 7.8 4:07p -0.6 6:45a 14.2 0.0 0.0 8.0 38.6 1:27a W 15 8.6 14.9 3:27p 1.9 4:38a 9.7 0.0 0.0 7.7 30.6 7:39a ESE 16 11.7 14.6 4:55p 5.1 11:43p 6.5 0.0 0.0 10.9 35.4 6:16a WNW 17 7.3 13.6 3:26p 0.9 6:11a 10.8 0.0 1.0 6.3 33.8 3:24p NW 18 13.2 24.1 7:11p 5.6 5:17a 5.9 0.8 5.3 11.6 43.5 7:20p ESE 19 12.8 18.9 12:08p 5.4 12:00m 5.5 0.0 3.6 14.6 56.3 5:49p SW 20 1.7 5.4 12:09a -1.2 11:58p 16.0 0.0 0.8 16.1 56.3 11:28a WNW 21 1.8 7.4 4:18p -3.8 5:46a 16.4 0.0 0.0 5.1 22.5 1:08p W 22 7.0 13.7 3:28p -0.7 2:54a 11.3 0.0 0.0 8.2 33.8 4:35p ESE 23 9.2 13.9 2:28p 3.2 6:15a 9.1 0.0 0.0 8.0 29.0 1:19p ESE 24 7.4 13.1 10:55a 2.4 11:48p 10.8 0.0 11.7 9.5 45.1 6:47p SSE 25 4.8 10.8 4:02p -0.8 5:40a 13.4 0.0 0.3 8.9 49.9 2:29p SW 26 7.2 13.9 3:40p -0.9 6:36a 11.0 0.0 0.0 6.1 35.4 3:38p S 27 11.6 19.5 3:42p 6.0 6:27a 6.8 0.1 0.0 6.0 29.0 5:06p S 28 13.1 21.7 1:12p 7.0 5:52a 5.6 0.4 1.8 9.2 57.9 6:42p E 29 11.6 13.7 1:08p 9.3 7:15a 6.7 0.0 2.8 7.2 25.7 1:51p SE 30 15.4 21.6 2:28p 11.5 5:32a 3.3 0.4 0.0 5.8 35.4 5:21p SE ------------------------------------------------------------------------------------- 6.2 24.1 18 -6.2 6 360.3 1.7 84.3 9.5 57.9 1 ESE Max >= 32.0: 0 Max <= 0.0: 0 Min <= 0.0: 14 Min <= -18.0: 0 Max Rain: 16.51 ON 12/04/13 Days of Rain: 15 (> .2 mm) 9 (> 2 mm) 0 (> 20 mm) Heat Base: 18.3 Cool Base: 18.3 Method: Integration