NOAA style reports

NOAA-style Climate Reports

2017: Jan | Feb | Mar | Apr | May | Jun | Jul | Aug | Sep | Oct | Nov | Dec 
2016: Jan | Feb | Mar | Apr | May | Jun | Jul | Aug | Sep | Oct | Nov | Dec 
2015: Jan | Feb | Mar | Apr | May | Jun | Jul | Aug | Sep | Oct | Nov | Dec 
2014: Jan | Feb | Mar | Apr | May | Jun | Jul | Aug | Sep | Oct | Nov | Dec 
2013: Jan | Feb | Mar | Apr | May | Jun | Jul | Aug | Sep | Oct | Nov | Dec 
2012: Jan | Feb | Mar | Apr | May | Jun | Jul | Aug | Sep | Oct | Nov | Dec 
2011: Jan | Feb | Mar | Apr | May | Jun | Jul | Aug | Sep | Oct | Nov | Dec 

Report for 2013 05
MONTHLY CLIMATOLOGICAL SUMMARY for MAY. 2013 NAME: Vaughan Weather CITY: Vaughan STATE: Ontario ELEV: 188 m LAT: 43 47' 23" N LONG: 79 36' 42" W TEMPERATURE (C), RAIN (mm), WIND SPEED (km/hr) HEAT COOL AVG MEAN DEG DEG WIND DOM DAY TEMP HIGH TIME LOW TIME DAYS DAYS RAIN SPEED HIGH TIME DIR ------------------------------------------------------------------------------------ 1 17.9 23.9 5:13p 12.3 5:22a 2.0 1.6 0.0 5.8 25.7 3:53p SE 2 17.8 24.2 5:10p 10.5 6:06a 2.0 1.5 0.0 5.6 30.6 12:00p SE 3 18.1 24.4 3:43p 10.7 6:17a 2.0 1.7 0.0 6.9 27.4 11:47a E 4 17.2 23.1 4:06p 10.3 6:28a 2.2 1.1 0.0 5.5 25.7 3:52p ESE 5 17.7 25.6 2:31p 8.8 6:20a 2.8 2.2 0.0 4.2 25.7 4:01p E 6 17.2 24.7 1:48p 8.2 6:06a 2.9 1.9 0.0 4.0 25.7 2:27p SSE 7 18.1 26.3 2:30p 8.1 6:26a 3.1 2.8 0.0 3.5 22.5 1:41p ESE 8 18.1 24.5 2:44p 12.4 5:29a 1.8 1.6 0.0 5.6 27.4 3:41p NNW 9 18.7 26.1 4:09p 13.7 12:00m 1.4 1.8 0.5 3.9 19.3 5:06p NNW 10 12.6 15.5 4:48p 9.7 5:35a 5.7 0.0 9.9 6.4 33.8 1:53p NNW 11 10.7 16.7 5:09p 6.9 6:04a 7.5 0.0 0.0 10.5 32.2 9:28p NW 12 4.9 10.3 12:01a 2.3 9:22p 13.2 0.0 1.5 17.7 57.9 4:00p WNW 13 5.9 12.2 3:00p 1.5 5:15a 12.3 0.0 0.3 13.5 40.2 4:47p WNW 14 7.9 13.1 1:22p 1.5 3:40a 10.3 0.0 0.0 7.2 35.4 3:25p SSE 15 15.2 25.7 1:12p 7.2 7:10a 4.4 1.3 1.5 12.6 59.5 2:30p WNW 16 15.3 23.2 1:48p 7.8 5:20a 4.0 1.1 0.0 11.3 48.3 12:57p WNW 17 12.8 19.4 4:01p 5.4 5:41a 5.5 0.0 0.0 4.7 22.5 3:49p NNW 18 15.4 22.3 2:20p 7.4 5:59a 3.7 0.8 0.0 6.8 29.0 12:58p ESE 19 18.6 25.8 4:49p 13.0 5:49a 1.6 1.9 0.0 6.1 29.0 4:41p SE 20 21.1 28.8 3:40p 13.3 6:06a 1.2 4.0 4.8 5.5 35.4 10:09p SSE 21 20.1 26.3 1:40p 16.8 6:16a 0.3 2.1 21.6 5.1 41.8 5:29p S 22 19.7 27.3 4:48p 14.4 5:39a 1.1 2.5 3.0 5.6 35.4 5:46p S 23 15.1 23.3 12:31p 3.9 12:00m 4.2 0.9 2.0 13.4 43.5 7:29p N 24 6.5 11.4 5:44p 3.3 7:31a 11.8 0.0 0.8 14.8 40.2 8:24a NNW 25 9.1 14.4 4:37p 3.3 5:32a 9.2 0.0 0.0 11.1 40.2 1:57p NNW 26 11.5 17.4 2:48p 4.3 5:48a 6.7 0.0 0.0 9.7 35.4 11:39a NNW 27 14.4 22.6 3:36p 4.0 5:48a 4.9 1.0 0.0 4.5 29.0 4:23p NNW 28 12.7 14.5 8:36p 10.4 8:29a 5.6 0.0 11.2 4.5 20.9 3:46p ESE 29 20.9 27.4 4:30p 14.2 12:53a 0.9 3.5 39.6 7.9 38.6 3:47p SW 30 24.8 32.1 3:08p 17.4 6:32a 0.1 6.6 0.0 6.0 32.2 4:42p SW 31 24.9 31.3 2:20p 18.6 6:00a 0.0 6.6 0.8 8.5 62.8 6:22p SSW ------------------------------------------------------------------------------------- 15.5 32.1 30 1.5 13 134.2 48.5 97.5 7.7 62.8 31 NNW Max >= 32.0: 1 Max <= 0.0: 0 Min <= 0.0: 0 Min <= -18.0: 0 Max Rain: 39.62 ON 29/05/13 Days of Rain: 13 (> .2 mm) 7 (> 2 mm) 2 (> 20 mm) Heat Base: 18.3 Cool Base: 18.3 Method: Integration