NOAA style reports

NOAA-style Climate Reports

2017: Jan | Feb | Mar | Apr | May | Jun | Jul | Aug | Sep | Oct | Nov | Dec 
2016: Jan | Feb | Mar | Apr | May | Jun | Jul | Aug | Sep | Oct | Nov | Dec 
2015: Jan | Feb | Mar | Apr | May | Jun | Jul | Aug | Sep | Oct | Nov | Dec 
2014: Jan | Feb | Mar | Apr | May | Jun | Jul | Aug | Sep | Oct | Nov | Dec 
2013: Jan | Feb | Mar | Apr | May | Jun | Jul | Aug | Sep | Oct | Nov | Dec 
2012: Jan | Feb | Mar | Apr | May | Jun | Jul | Aug | Sep | Oct | Nov | Dec 
2011: Jan | Feb | Mar | Apr | May | Jun | Jul | Aug | Sep | Oct | Nov | Dec 

Report for 2013 06
MONTHLY CLIMATOLOGICAL SUMMARY for JUN. 2013 NAME: Vaughan Weather CITY: Vaughan STATE: Ontario ELEV: 188 m LAT: 43 47' 23" N LONG: 79 36' 42" W TEMPERATURE (C), RAIN (mm), WIND SPEED (km/hr) HEAT COOL AVG MEAN DEG DEG WIND DOM DAY TEMP HIGH TIME LOW TIME DAYS DAYS RAIN SPEED HIGH TIME DIR ------------------------------------------------------------------------------------ 1 22.3 27.7 1:45p 19.2 5:04a 0.0 4.0 2.0 8.7 37.0 1:49p SSW 2 18.7 24.5 3:09p 9.6 11:16p 1.4 1.8 7.1 11.9 43.5 4:49p NW 3 12.4 17.8 3:38p 7.1 4:41a 5.8 0.0 0.0 10.9 35.4 5:45p WNW 4 13.9 20.7 3:37p 6.8 5:58a 4.7 0.3 0.0 7.4 25.7 9:41a N 5 15.2 19.1 12:27p 11.3 5:55a 3.1 0.0 0.0 5.6 22.5 1:36p E 6 13.4 15.9 11:05a 11.7 9:05p 4.9 0.0 8.4 10.1 49.9 11:18a E 7 14.1 16.6 2:43p 11.9 4:31a 4.2 0.0 0.3 5.1 19.3 11:59a N 8 16.3 21.0 3:51p 13.4 4:58a 2.3 0.4 0.0 3.7 17.7 2:17p NNW 9 18.1 24.9 2:45p 10.0 5:53a 2.3 2.1 0.0 4.2 27.4 4:31p WNW 10 16.6 17.5 12:06a 15.6 9:44a 1.7 0.0 14.5 8.7 33.8 7:17p E 11 18.8 23.6 4:22p 16.1 5:48a 0.9 1.3 13.2 8.4 37.0 5:26p NNW 12 19.1 24.3 3:51p 13.1 5:55a 1.2 2.0 0.0 4.8 25.7 3:08p NW 13 17.6 23.1 1:45p 14.7 8:01a 1.4 0.7 4.6 5.1 24.1 1:32p N 14 17.7 22.8 3:51p 13.7 12:00m 1.8 1.2 0.8 10.6 29.0 9:55a NNW 15 18.5 26.1 5:05p 9.3 5:04a 2.4 2.6 0.0 6.0 32.2 7:00p NW 16 20.7 26.0 3:32p 16.4 1:59a 0.4 2.8 6.9 8.4 37.0 5:53p W 17 19.4 24.3 1:56p 14.7 5:59a 0.8 1.9 0.0 5.8 24.1 5:32p N 18 16.7 22.2 4:04p 12.2 5:40a 2.5 0.9 14.7 7.6 33.8 7:01p N 19 15.7 21.4 3:21p 9.1 5:58a 3.3 0.6 0.0 4.7 24.1 12:51p NNW 20 17.8 24.9 4:53p 9.0 5:28a 2.7 2.2 0.0 3.5 24.1 2:47p NW 21 20.7 27.5 2:54p 11.9 5:34a 1.5 3.9 0.0 4.2 24.1 2:23p SSE 22 21.7 26.0 6:42p 17.1 4:09a 0.1 3.5 13.0 2.7 19.3 12:54p ESE 23 25.9 32.9 3:59p 18.4 5:23a 0.0 7.6 0.0 6.1 32.2 2:47p SW 24 27.5 32.5 1:57p 21.4 6:29a 0.0 9.2 0.0 7.6 33.8 1:49p WSW 25 24.6 28.0 3:29p 21.6 7:50a 0.0 6.2 2.8 6.0 27.4 7:11a W 26 25.4 31.7 4:16p 19.6 5:31a 0.0 7.1 0.0 3.7 22.5 1:39p W 27 21.9 24.8 1:22p 18.6 6:05a 0.0 3.6 0.0 2.1 20.9 5:35p NW 28 19.1 20.6 11:59a 17.4 11:57p 0.1 0.9 20.8 2.1 17.7 6:04p NW 29 19.4 25.3 3:28p 16.3 12:00m 0.4 1.6 0.0 4.8 33.8 5:29p NNW 30 20.4 25.9 4:07p 14.8 3:58a 0.8 2.9 0.0 6.6 27.4 3:30p N ------------------------------------------------------------------------------------- 19.0 32.9 23 6.8 4 50.8 71.2 109.0 6.2 49.9 6 NNW Max >= 32.0: 2 Max <= 0.0: 0 Min <= 0.0: 0 Min <= -18.0: 0 Max Rain: 20.83 ON 28/06/13 Days of Rain: 13 (> .2 mm) 11 (> 2 mm) 1 (> 20 mm) Heat Base: 18.3 Cool Base: 18.3 Method: Integration