NOAA style reports

NOAA-style Climate Reports

2017: Jan | Feb | Mar | Apr | May | Jun | Jul | Aug | Sep | Oct | Nov | Dec 
2016: Jan | Feb | Mar | Apr | May | Jun | Jul | Aug | Sep | Oct | Nov | Dec 
2015: Jan | Feb | Mar | Apr | May | Jun | Jul | Aug | Sep | Oct | Nov | Dec 
2014: Jan | Feb | Mar | Apr | May | Jun | Jul | Aug | Sep | Oct | Nov | Dec 
2013: Jan | Feb | Mar | Apr | May | Jun | Jul | Aug | Sep | Oct | Nov | Dec 
2012: Jan | Feb | Mar | Apr | May | Jun | Jul | Aug | Sep | Oct | Nov | Dec 
2011: Jan | Feb | Mar | Apr | May | Jun | Jul | Aug | Sep | Oct | Nov | Dec 

Report for 2013 07
MONTHLY CLIMATOLOGICAL SUMMARY for JUL. 2013 NAME: Vaughan Weather CITY: Vaughan STATE: Ontario ELEV: 188 m LAT: 43 47' 23" N LONG: 79 36' 42" W TEMPERATURE (C), RAIN (mm), WIND SPEED (km/hr) HEAT COOL AVG MEAN DEG DEG WIND DOM DAY TEMP HIGH TIME LOW TIME DAYS DAYS RAIN SPEED HIGH TIME DIR ------------------------------------------------------------------------------------ 1 19.8 23.9 4:12p 15.9 6:34a 0.4 1.9 0.0 7.6 32.2 2:17p NE 2 20.0 25.2 4:43p 16.3 7:25a 0.3 2.1 0.0 4.5 22.5 6:29a NE 3 22.1 29.4 5:15p 16.3 5:25a 0.3 4.1 0.0 2.7 17.7 2:55p SSE 4 24.0 28.8 5:40p 20.6 4:42a 0.0 5.7 3.8 6.3 29.0 2:26p SSW 5 22.7 25.4 3:38p 20.9 12:00m 0.0 4.3 8.9 2.4 27.4 5:30p S 6 24.4 29.8 12:42p 18.2 5:55a 0.0 6.1 0.0 4.2 29.0 1:44p SSE 7 22.9 27.9 3:05p 21.0 11:58p 0.0 4.6 16.0 4.3 25.7 12:09p SSW 8 22.8 30.4 2:44p 19.4 6:03a 0.0 4.5 68.1 4.3 33.8 4:45p WNW 9 22.2 25.1 6:25p 19.8 12:08a 0.0 3.9 0.5 3.7 20.9 1:46p SSE 10 24.7 30.7 1:59p 17.9 11:41p 0.0 6.4 0.5 9.5 37.0 9:04p SW 11 20.0 25.9 2:58p 14.9 5:20a 0.8 2.5 0.0 9.7 32.2 2:17p NNW 12 20.9 27.3 3:52p 14.3 5:35a 1.0 3.6 0.0 5.0 24.1 3:26p NNW 13 22.8 29.0 3:33p 15.1 5:52a 0.6 5.1 0.0 3.9 22.5 1:54p ESE 14 25.1 31.2 5:32p 17.8 5:42a 0.0 6.8 0.0 2.7 17.7 2:29p NNE 15 27.3 33.1 5:13p 20.6 5:55a 0.0 9.0 0.0 3.1 16.1 3:14p NNW 16 28.3 33.8 4:46p 21.7 5:59a 0.0 10.0 0.0 3.4 22.5 2:45p NNW 17 29.7 35.1 3:05p 24.0 4:34a 0.0 11.4 0.0 6.6 37.0 4:56p WNW 18 28.7 33.7 12:36p 23.6 5:39a 0.0 10.4 0.0 5.5 35.4 5:25p WNW 19 28.1 35.1 3:44p 21.7 6:34p 0.0 9.7 12.2 11.9 72.4 5:52p SW 20 24.1 29.2 3:09p 19.7 11:59p 0.0 5.7 1.8 8.7 30.6 4:45p NW 21 19.9 24.7 5:52p 14.3 6:07a 0.7 2.4 0.0 4.2 24.1 2:42p NNW 22 20.6 25.2 1:38p 14.9 5:49a 0.6 2.8 0.0 4.3 24.1 1:13p ESE 23 20.8 28.7 12:08p 15.1 5:50a 0.8 3.3 0.0 7.7 41.8 5:07p NW 24 17.2 22.2 3:58p 13.2 5:26a 2.0 0.8 0.0 10.9 41.8 1:38a NNW 25 18.3 24.7 3:25p 11.6 6:24a 2.1 2.1 2.5 4.2 24.1 2:14p NW 26 19.2 24.7 1:26p 11.8 6:13a 1.6 2.5 0.0 3.9 22.5 12:00p SSE 27 19.3 23.4 12:19p 16.1 2:21a 0.6 1.6 19.8 4.7 38.6 4:43p SE 28 18.4 23.1 2:21p 15.2 10:31p 0.9 1.0 0.5 9.2 37.0 2:10p SW 29 16.8 21.8 5:26p 12.7 4:08a 2.1 0.5 0.5 5.6 30.6 6:04p WSW 30 18.6 24.8 2:33p 11.7 5:48a 1.8 2.1 0.0 3.7 20.9 11:24a NNW 31 18.5 25.0 2:38p 13.0 5:56a 1.6 1.8 10.4 2.4 17.7 2:10p NW ------------------------------------------------------------------------------------- 22.2 35.1 17 11.6 25 18.2 138.9 145.5 5.5 72.4 19 NW Max >= 32.0: 5 Max <= 0.0: 0 Min <= 0.0: 0 Min <= -18.0: 0 Max Rain: 68.07 ON 08/07/13 Days of Rain: 13 (> .2 mm) 8 (> 2 mm) 1 (> 20 mm) Heat Base: 18.3 Cool Base: 18.3 Method: Integration