NOAA style reports

NOAA-style Climate Reports

2017: Jan | Feb | Mar | Apr | May | Jun | Jul | Aug | Sep | Oct | Nov | Dec 
2016: Jan | Feb | Mar | Apr | May | Jun | Jul | Aug | Sep | Oct | Nov | Dec 
2015: Jan | Feb | Mar | Apr | May | Jun | Jul | Aug | Sep | Oct | Nov | Dec 
2014: Jan | Feb | Mar | Apr | May | Jun | Jul | Aug | Sep | Oct | Nov | Dec 
2013: Jan | Feb | Mar | Apr | May | Jun | Jul | Aug | Sep | Oct | Nov | Dec 
2012: Jan | Feb | Mar | Apr | May | Jun | Jul | Aug | Sep | Oct | Nov | Dec 
2011: Jan | Feb | Mar | Apr | May | Jun | Jul | Aug | Sep | Oct | Nov | Dec 

Report for 2013 08
MONTHLY CLIMATOLOGICAL SUMMARY for AUG. 2013 NAME: Vaughan Weather CITY: Vaughan STATE: Ontario ELEV: 188 m LAT: 43 47' 23" N LONG: 79 36' 42" W TEMPERATURE (C), RAIN (mm), WIND SPEED (km/hr) HEAT COOL AVG MEAN DEG DEG WIND DOM DAY TEMP HIGH TIME LOW TIME DAYS DAYS RAIN SPEED HIGH TIME DIR ------------------------------------------------------------------------------------ 1 20.2 26.2 3:27p 16.1 1:51a 0.8 2.7 24.6 7.4 33.8 3:38p NW 2 19.4 26.4 4:36p 13.4 5:12a 1.3 2.4 0.0 5.3 37.0 5:01p NW 3 19.3 26.1 3:36p 13.5 6:31a 1.3 2.2 0.0 9.2 35.4 6:54p NW 4 17.5 22.9 3:10p 13.1 4:52a 1.9 1.1 0.0 9.5 37.0 4:15p NNW 5 17.4 24.2 1:22p 9.9 6:31a 2.7 1.8 0.0 4.0 32.2 3:45p NW 6 20.0 25.6 4:10p 14.8 12:57a 0.9 2.6 0.0 5.5 25.7 3:53p SE 7 22.4 28.6 4:53p 18.1 6:18a 0.0 4.2 9.9 7.7 37.0 3:38p SSW 8 22.5 27.8 3:36p 18.7 11:23p 0.0 4.2 0.0 5.1 22.5 6:05p N 9 21.4 27.0 5:54p 17.1 7:39a 0.2 3.3 0.0 8.0 33.8 6:35p NNW 10 18.5 23.6 3:50p 12.8 6:50a 1.3 1.5 0.0 6.9 24.1 10:37a NW 11 18.1 24.9 4:22p 10.2 6:24a 2.3 2.1 0.0 3.9 27.4 4:38p NW 12 18.8 25.1 3:42p 12.3 5:45a 1.5 2.1 0.0 4.0 32.2 3:19p SW 13 16.9 20.9 12:37p 11.3 11:55p 1.8 0.4 0.0 10.5 33.8 10:19a NW 14 16.4 22.0 4:00p 11.1 12:27a 2.7 0.8 0.0 12.2 41.8 10:33a NNW 15 17.4 23.8 3:38p 10.9 5:07a 2.6 1.6 0.0 6.9 30.6 12:25p WNW 16 18.7 26.4 5:24p 10.3 6:45a 2.4 2.8 0.0 2.9 25.7 6:17p WNW 17 20.1 27.5 2:58p 12.6 6:49a 1.5 3.2 0.0 3.7 24.1 4:46p NNW 18 20.8 27.7 4:28p 13.1 6:33a 1.4 3.9 0.0 3.4 24.1 3:41p NNW 19 21.9 29.2 3:43p 13.8 6:47a 0.9 4.4 0.0 4.8 41.8 3:19p NW 20 22.8 29.9 3:38p 14.7 6:25a 0.7 5.2 0.0 5.0 32.2 12:26p W 21 24.6 31.6 3:54p 16.8 6:44a 0.1 6.4 0.0 6.8 32.2 7:56p SW 22 23.7 28.5 4:33p 17.6 12:00m 0.0 5.4 0.0 7.6 33.8 2:57p NNW 23 19.4 25.1 3:02p 13.9 6:56a 1.1 2.2 0.0 5.3 25.7 11:33a NNW 24 19.1 25.6 3:47p 12.0 6:31a 1.7 2.5 0.0 4.0 24.1 1:43p NW 25 21.0 28.6 3:32p 12.2 6:52a 1.5 4.2 1.5 5.8 35.4 7:54p SW 26 22.3 24.6 6:35p 20.3 12:00m 0.0 4.0 21.6 3.7 37.0 1:17p SW 27 23.2 28.8 4:24p 18.2 5:48a 0.0 4.9 7.4 3.1 20.9 6:52p WSW 28 23.8 29.7 4:12p 20.8 7:33a 0.0 5.5 5.1 2.6 19.3 11:40a NNW 29 24.4 30.9 3:12p 18.8 6:49a 0.0 6.1 0.3 2.9 17.7 6:32p NNW 30 23.8 29.3 3:50p 18.4 6:38a 0.0 5.5 1.5 5.3 27.4 3:36p SW 31 22.8 26.2 4:08p 20.3 11:55p 0.0 4.5 0.0 4.7 17.7 8:57a NNW ------------------------------------------------------------------------------------- 20.6 31.6 21 9.9 5 32.7 103.7 71.9 5.7 41.8 14 NW Max >= 32.0: 0 Max <= 0.0: 0 Min <= 0.0: 0 Min <= -18.0: 0 Max Rain: 24.64 ON 01/08/13 Days of Rain: 8 (> .2 mm) 5 (> 2 mm) 2 (> 20 mm) Heat Base: 18.3 Cool Base: 18.3 Method: Integration