NOAA style reports

NOAA-style Climate Reports

2017: Jan | Feb | Mar | Apr | May | Jun | Jul | Aug | Sep | Oct | Nov | Dec 
2016: Jan | Feb | Mar | Apr | May | Jun | Jul | Aug | Sep | Oct | Nov | Dec 
2015: Jan | Feb | Mar | Apr | May | Jun | Jul | Aug | Sep | Oct | Nov | Dec 
2014: Jan | Feb | Mar | Apr | May | Jun | Jul | Aug | Sep | Oct | Nov | Dec 
2013: Jan | Feb | Mar | Apr | May | Jun | Jul | Aug | Sep | Oct | Nov | Dec 
2012: Jan | Feb | Mar | Apr | May | Jun | Jul | Aug | Sep | Oct | Nov | Dec 
2011: Jan | Feb | Mar | Apr | May | Jun | Jul | Aug | Sep | Oct | Nov | Dec 

Report for 2013 09
MONTHLY CLIMATOLOGICAL SUMMARY for SEP. 2013 NAME: Vaughan Weather CITY: Vaughan STATE: Ontario ELEV: 188 m LAT: 43 47' 23" N LONG: 79 36' 42" W TEMPERATURE (C), RAIN (mm), WIND SPEED (km/hr) HEAT COOL AVG MEAN DEG DEG WIND DOM DAY TEMP HIGH TIME LOW TIME DAYS DAYS RAIN SPEED HIGH TIME DIR ------------------------------------------------------------------------------------ 1 21.4 26.1 2:12p 18.0 5:39a 0.0 3.2 1.0 4.7 22.5 1:13p ESE 2 20.1 23.9 3:18p 15.3 11:22p 0.4 2.2 0.3 7.1 35.4 6:24p WNW 3 17.3 21.7 5:12p 13.6 11:52p 1.7 0.7 0.0 9.2 32.2 11:07a WNW 4 17.4 26.7 2:40p 9.6 7:04a 2.8 2.0 0.0 6.8 32.2 3:03p WNW 5 13.4 17.6 2:11p 8.2 11:58p 4.9 0.0 0.0 8.2 33.8 3:10p NNW 6 14.4 23.3 4:54p 5.3 6:30a 4.8 1.0 0.0 4.0 24.1 3:17p NNW 7 17.3 20.5 6:23p 14.7 9:12a 1.4 0.4 19.0 4.7 22.5 10:40a SW 8 17.1 20.2 3:12p 11.3 11:55p 1.6 0.3 0.0 6.8 33.8 5:14a N 9 15.3 21.8 1:11p 8.3 6:34a 3.7 0.7 0.0 2.7 17.7 1:35p SSE 10 26.1 34.7 4:27p 17.0 12:10a 0.1 7.9 0.0 7.6 38.6 5:50a SW 11 26.3 33.0 3:26p 20.9 7:03a 0.0 8.0 5.3 6.8 37.0 10:46p SW 12 20.4 23.7 1:05p 15.3 11:55p 0.3 2.4 2.3 7.4 35.4 4:38p NW 13 11.5 15.3 12:01a 9.7 11:52p 6.8 0.0 0.0 10.5 33.8 12:48p N 14 11.6 19.6 4:38p 3.7 7:03a 6.8 0.1 0.0 4.3 20.9 12:34p NNW 15 13.7 19.4 1:20p 8.1 6:46a 4.7 0.1 1.5 5.0 30.6 7:30p SW 16 11.2 15.0 3:30p 6.0 11:58p 7.0 0.0 0.0 6.9 27.4 6:39a NNW 17 10.4 17.3 3:15p 3.3 6:56a 7.9 0.0 0.0 3.2 22.5 12:52p N 18 13.6 22.0 1:22p 5.2 6:58a 5.5 0.8 0.0 3.2 20.9 3:06p NW 19 15.7 23.1 4:46p 8.3 5:55a 3.8 1.1 0.0 4.2 24.1 4:40p SSW 20 19.9 23.7 6:00p 15.7 12:32a 0.6 2.3 14.2 6.0 37.0 12:33p SSE 21 15.7 19.8 12:01a 9.9 11:56p 2.8 0.2 19.8 5.5 33.8 6:31p SSE 22 9.8 12.9 4:20p 7.8 7:09a 8.4 0.0 0.3 8.0 33.8 1:09p NW 23 11.0 16.3 4:06p 7.3 7:30a 7.2 0.0 0.0 4.7 22.5 11:04a NNW 24 11.4 19.0 4:03p 4.8 5:26a 7.0 0.0 0.0 4.0 25.7 12:49p NNW 25 13.8 22.4 4:22p 6.5 4:18a 5.2 0.8 0.3 3.4 16.1 3:12p NNW 26 15.2 23.2 2:57p 8.7 7:01a 4.1 1.0 0.0 3.1 17.7 3:01p NW 27 14.8 21.7 2:44p 9.2 4:35a 4.1 0.7 0.0 3.1 20.9 1:06p NW 28 14.8 21.3 2:07p 8.8 6:03a 4.0 0.5 0.0 3.7 20.9 3:00p SE 29 16.2 21.7 1:29p 9.8 6:53a 2.8 0.7 1.5 3.9 24.1 1:49p SSE 30 17.7 20.6 4:38p 14.3 11:58p 1.0 0.4 3.8 3.7 19.3 2:32p SSE ------------------------------------------------------------------------------------- 15.8 34.7 10 3.3 17 111.2 37.6 69.3 5.4 38.6 10 NNW Max >= 32.0: 2 Max <= 0.0: 0 Min <= 0.0: 0 Min <= -18.0: 0 Max Rain: 19.81 ON 21/09/13 Days of Rain: 12 (> .2 mm) 6 (> 2 mm) 0 (> 20 mm) Heat Base: 18.3 Cool Base: 18.3 Method: Integration