NOAA style reports

NOAA-style Climate Reports

2017: Jan | Feb | Mar | Apr | May | Jun | Jul | Aug | Sep | Oct | Nov | Dec 
2016: Jan | Feb | Mar | Apr | May | Jun | Jul | Aug | Sep | Oct | Nov | Dec 
2015: Jan | Feb | Mar | Apr | May | Jun | Jul | Aug | Sep | Oct | Nov | Dec 
2014: Jan | Feb | Mar | Apr | May | Jun | Jul | Aug | Sep | Oct | Nov | Dec 
2013: Jan | Feb | Mar | Apr | May | Jun | Jul | Aug | Sep | Oct | Nov | Dec 
2012: Jan | Feb | Mar | Apr | May | Jun | Jul | Aug | Sep | Oct | Nov | Dec 
2011: Jan | Feb | Mar | Apr | May | Jun | Jul | Aug | Sep | Oct | Nov | Dec 

Report for 2013 12
MONTHLY CLIMATOLOGICAL SUMMARY for DEC. 2013 NAME: Vaughan Weather CITY: Vaughan STATE: Ontario ELEV: 188 m LAT: 43 47' 23" N LONG: 79 36' 42" W TEMPERATURE (C), RAIN (mm), WIND SPEED (km/hr) HEAT COOL AVG MEAN DEG DEG WIND DOM DAY TEMP HIGH TIME LOW TIME DAYS DAYS RAIN SPEED HIGH TIME DIR ------------------------------------------------------------------------------------ 1 2.1 3.1 11:05a 1.2 5:52a 16.2 0.0 1.0 1.0 12.9 12:03a SSE 2 1.4 2.6 3:12p 0.5 11:09p 16.8 0.0 0.0 2.6 14.5 10:10a NNW 3 -0.1 3.1 2:43p -4.7 7:49a 18.3 0.0 0.0 2.4 16.1 8:17p NNW 4 2.1 3.9 2:17p 0.1 4:29a 16.2 0.0 1.0 8.0 27.4 10:12p E 5 6.8 15.4 12:34p 2.4 11:55p 11.4 0.0 0.0 9.8 43.5 11:30a W 6 -0.3 2.4 12:01a -2.2 11:35p 18.6 0.0 0.0 9.8 32.2 12:21a WNW 7 -3.5 -1.9 1:33p -6.2 11:54p 21.7 0.0 0.0 10.1 33.8 10:17a W 8 -4.8 -1.6 11:12p -8.2 7:52a 23.0 0.0 0.0 6.0 35.4 11:34p ESE 9 -1.1 0.8 10:38a -3.4 11:57p 19.3 0.0 1.0 13.7 49.9 6:49p SW 10 -6.9 -3.4 12:01a -9.2 8:08a 25.2 0.0 0.0 12.2 40.2 12:11a WSW 11 -7.1 -4.7 11:20a -10.6 11:16p 25.3 0.0 0.0 14.5 45.1 1:59a W 12 -9.7 -7.2 12:00m -12.1 1:47a 27.8 0.0 0.0 12.1 48.3 7:23p WSW 13 -9.1 -5.2 8:06a -12.4 11:04p 27.2 0.0 0.0 10.5 45.1 1:42a N 14 -12.7 -10.8 2:17p -14.6 8:35a 30.7 0.0 3.6 9.7 33.8 1:50p NE 15 -9.3 -5.0 5:31p -13.7 4:15a 27.5 0.0 0.8 9.0 38.6 8:19p NNW 16 -13.8 -8.7 2:52p -18.4 11:51p 31.8 0.0 0.0 3.9 19.3 12:30a NW 17 -8.8 -4.4 4:08p -18.4 12:39a 27.0 0.0 0.8 3.5 22.5 3:52a SSE 18 -2.7 -0.6 1:13p -4.5 2:00a 20.9 0.0 0.0 8.4 41.8 12:32p WSW 19 -0.4 2.4 1:43p -3.7 6:01a 18.7 0.0 0.0 5.1 32.2 1:27a SW 20 0.1 0.4 4:05p -0.3 11:42p 18.0 0.0 10.4 1.1 14.5 10:04a NE 21 -0.4 0.1 7:19a -1.0 11:59p 18.5 0.0 14.7 0.0 0.0 --- --- 22 -0.9 1.2 7:40p -2.4 11:15a 19.1 0.0 9.7 0.0 0.0 --- --- 23 -3.7 0.8 12:01a -8.2 12:00m 22.0 0.0 3.6 0.0 0.0 --- --- 24 -11.6 -8.2 12:01a -16.1 11:58p 29.7 0.0 0.0 0.0 0.0 --- --- 25 -11.2 -4.4 11:57p -18.3 5:47a 29.3 0.0 1.0 0.0 0.0 --- --- 26 -3.7 -0.4 1:56p -6.2 11:26p 21.9 0.0 1.8 0.0 0.0 --- --- 27 -3.5 -0.8 11:53a -6.2 12:15a 21.7 0.0 0.0 0.0 0.0 --- --- 28 1.6 2.6 6:40a -1.7 12:01a 16.7 0.0 0.0 5.6 30.6 1:51a SW 29 -0.3 4.3 1:08p -6.8 11:58p 18.5 0.0 0.0 5.3 41.8 9:59p SE 30 -10.2 -6.8 12:01a -11.7 8:37a 28.3 0.0 0.0 7.7 41.8 1:39a NW 31 -8.8 -6.7 11:01a -10.5 7:12p 26.9 0.0 0.3 9.8 43.5 1:20p WSW ------------------------------------------------------------------------------------- -4.2 15.4 5 -18.4 16 694.1 0.0 49.5 5.9 49.9 9 WSW Max >= 32.0: 0 Max <= 0.0: 17 Min <= 0.0: 27 Min <= -18.0: 3 Max Rain: 14.73 ON 21/12/13 Days of Rain: 13 (> .2 mm) 5 (> 2 mm) 0 (> 20 mm) Heat Base: 18.3 Cool Base: 18.3 Method: Integration