NOAA style reports

NOAA-style Climate Reports

2017: Jan | Feb | Mar | Apr | May | Jun | Jul | Aug | Sep | Oct | Nov | Dec 
2016: Jan | Feb | Mar | Apr | May | Jun | Jul | Aug | Sep | Oct | Nov | Dec 
2015: Jan | Feb | Mar | Apr | May | Jun | Jul | Aug | Sep | Oct | Nov | Dec 
2014: Jan | Feb | Mar | Apr | May | Jun | Jul | Aug | Sep | Oct | Nov | Dec 
2013: Jan | Feb | Mar | Apr | May | Jun | Jul | Aug | Sep | Oct | Nov | Dec 
2012: Jan | Feb | Mar | Apr | May | Jun | Jul | Aug | Sep | Oct | Nov | Dec 
2011: Jan | Feb | Mar | Apr | May | Jun | Jul | Aug | Sep | Oct | Nov | Dec 

Report for 2014 10
MONTHLY CLIMATOLOGICAL SUMMARY for OCT. 2014 NAME: Vaughan Weather CITY: Vaughan STATE: Ontario ELEV: 188 m LAT: 43 47' 23" N LONG: 79 36' 42" W TEMPERATURE (C), RAIN (mm), WIND SPEED (km/hr) HEAT COOL AVG MEAN DEG DEG WIND DOM DAY TEMP HIGH TIME LOW TIME DAYS DAYS RAIN SPEED HIGH TIME DIR ------------------------------------------------------------------------------------ 1 15.4 16.6 12:09a 14.6 8:45a 2.8 0.0 0.0 3.7 20.9 2:10a ENE 2 16.5 20.3 3:45p 14.3 5:25a 1.9 0.1 0.0 4.7 20.9 3:57p ESE 3 17.8 22.9 12:43p 14.7 11:37p 1.2 0.7 15.2 10.8 49.9 12:46p SE 4 10.9 14.8 12:30a 5.0 11:46p 7.3 0.0 5.1 9.0 40.2 1:20p SW 5 8.3 13.4 4:08p 3.3 6:00a 10.0 0.0 0.0 9.5 37.0 12:19p SSW 6 12.8 16.9 3:04p 9.3 4:53a 5.5 0.0 3.6 10.1 43.5 11:15p S 7 13.0 18.2 1:31p 10.2 7:29a 5.3 0.0 3.6 8.4 46.7 1:17p SSW 8 10.7 13.7 12:00p 5.9 12:00m 7.6 0.0 0.0 10.9 61.2 11:17a WSW 9 8.6 14.1 2:42p 4.1 6:04a 9.8 0.0 0.0 10.6 51.5 2:48p WNW 10 8.1 14.4 2:46p 4.1 6:51a 10.2 0.0 0.0 6.4 27.4 2:49p WNW 11 7.3 14.8 3:36p 0.4 7:47a 9.7 0.0 0.0 4.8 30.6 1:24p NW 12 13 14 15 16.1 18.6 1:07a 13.2 11:59p 2.1 0.0 2.5 3.9 27.4 4:57a SSW 16 15.7 20.4 2:11p 13.1 12:10a 2.3 0.1 25.7 3.2 24.1 6:58p N 17 18 8.3 12.6 2:20a 3.3 11:19p 9.0 0.0 0.0 14.3 41.8 2:29p NNW 19 5.6 10.0 3:53p 2.8 7:28a 12.8 0.0 0.0 6.6 27.4 1:05p NNW 20 8.3 11.3 2:34p 4.3 12:59a 10.0 0.0 4.8 1.3 16.1 9:12a SE 21 8.4 10.3 10:25a 6.1 10:41p 9.8 0.0 0.8 6.9 35.4 9:09p NNE 22 7.7 13.2 2:40p 2.3 7:44a 10.6 0.0 0.0 8.7 27.4 2:09a N 23 9.3 16.0 2:37p 4.6 7:53a 9.0 0.0 0.0 8.9 33.8 11:37a NNW 24 8.8 16.4 3:57p 1.4 7:31a 9.5 0.0 0.0 5.1 24.1 12:30p NW 25 11.4 16.9 4:12p 7.5 7:49a 9.4 0.0 0.0 10.0 41.8 1:01p WNW 26 9.3 12.4 2:16p 4.7 11:58p 9.0 0.0 0.0 15.6 49.9 6:33a WNW 27 7.0 12.1 2:52p 0.1 8:13a 11.3 0.0 0.0 4.5 24.1 8:08p ESE 28 13.4 20.6 1:45p 9.2 3:53a 5.2 0.3 1.0 5.8 46.7 5:05p ESE 29 8.6 11.7 11:17a 5.2 11:54p 9.7 0.0 0.0 9.0 38.6 3:55p WSW 30 6.0 9.3 2:17p 2.9 7:09a 16.5 0.0 0.0 3.1 20.9 2:02p NW 31 5.6 6.9 1:54p 1.4 11:55p 17.2 0.0 5.6 5.0 32.2 10:06p SSE ------------------------------------------------------------------------------------- 10.3 22.9 3 0.1 27 224.7 1.2 67.8 7.4 61.2 8 NW Max >= 32.0: 0 Max <= 0.0: 0 Min <= 0.0: 0 Min <= -18.0: 0 Max Rain: 25.65 ON 16/10/14 Days of Rain: 10 (> .2 mm) 8 (> 2 mm) 1 (> 20 mm) Heat Base: 18.3 Cool Base: 18.3 Method: Integration