NOAA style reports

NOAA-style Climate Reports

2017: Jan | Feb | Mar | Apr | May | Jun | Jul | Aug | Sep | Oct | Nov | Dec 
2016: Jan | Feb | Mar | Apr | May | Jun | Jul | Aug | Sep | Oct | Nov | Dec 
2015: Jan | Feb | Mar | Apr | May | Jun | Jul | Aug | Sep | Oct | Nov | Dec 
2014: Jan | Feb | Mar | Apr | May | Jun | Jul | Aug | Sep | Oct | Nov | Dec 
2013: Jan | Feb | Mar | Apr | May | Jun | Jul | Aug | Sep | Oct | Nov | Dec 
2012: Jan | Feb | Mar | Apr | May | Jun | Jul | Aug | Sep | Oct | Nov | Dec 
2011: Jan | Feb | Mar | Apr | May | Jun | Jul | Aug | Sep | Oct | Nov | Dec 

Report for 2015 06
MONTHLY CLIMATOLOGICAL SUMMARY for MAY. 2015 NAME: Vaughan Weather CITY: Vaughan STATE: Ontario ELEV: 188 m LAT: 43 47' 23" N LONG: 79 36' 42" W TEMPERATURE (C), RAIN (mm), WIND SPEED (km/hr) HEAT COOL AVG MEAN DEG DEG WIND DOM DAY TEMP HIGH TIME LOW TIME DAYS DAYS RAIN SPEED HIGH TIME DIR ------------------------------------------------------------------------------------ 1 14.6 22.1 4:06p 7.1 6:44a 4.4 0.7 0.0 9.8 33.8 2:48p NNW 2 16.4 25.2 4:34p 6.5 5:32a 3.8 2.0 0.0 5.3 25.7 2:52p NW 3 18.3 27.1 3:29p 8.3 6:11a 2.9 2.9 0.0 6.3 40.2 7:13p WNW 4 18.0 24.9 11:02a 13.1 12:00m 1.7 1.4 0.0 8.7 43.5 5:06p SW 5 13.3 17.9 2:54p 7.1 6:26a 5.0 0.0 0.0 4.5 22.5 10:46a NNW 6 15.8 23.7 4:04p 7.1 4:50a 4.1 1.6 0.0 4.7 32.2 11:26a NNW 7 18.2 26.6 4:59p 8.9 6:28a 2.8 2.7 0.0 3.7 24.1 2:34p S 8 21.0 29.2 3:18p 12.3 6:22a 1.4 4.1 0.0 4.5 30.6 4:22p SSE 9 22.8 30.6 2:03p 15.4 6:27a 0.4 4.9 4.1 4.0 37.0 2:24p SSE 10 20.2 27.9 4:16p 17.1 8:15a 0.2 2.0 4.1 4.2 32.2 6:02p N 11 17.6 24.1 4:28p 14.1 7:57a 1.6 0.9 4.1 6.6 24.1 5:37p SE 12 14.1 16.9 7:21a 9.4 11:59p 4.2 0.0 0.0 14.2 51.5 11:09a W 13 9.3 14.2 5:22p 5.6 4:48a 9.0 0.0 0.0 13.0 38.6 12:05a NNW 14 11.9 19.6 4:30p 3.4 6:04a 6.5 0.1 0.0 4.7 25.7 12:24p NW 15 12.6 17.7 2:02p 8.3 2:49a 5.7 0.0 0.0 3.9 25.7 2:16p SSE 16 18.6 26.3 3:50p 12.7 5:00a 2.1 2.4 0.0 7.1 32.2 2:16p WNW 17 19.5 26.6 2:49p 13.0 6:32a 1.6 2.8 0.0 4.7 24.1 1:35p SSE 18 22.8 30.0 3:43p 15.9 6:15a 0.6 5.1 0.0 6.9 32.2 1:56p SW 19 14.4 23.2 12:01a 5.1 12:00m 4.4 0.5 0.0 14.3 43.5 5:37p WNW 20 9.7 18.2 3:53p 3.1 6:31a 8.6 0.0 0.0 11.7 33.8 12:21a NW 21 14.7 21.2 2:53p 8.4 3:18a 4.1 0.5 0.0 8.0 33.8 2:45p W 22 10.4 15.7 1:04p 4.7 11:58p 7.9 0.0 0.0 11.9 41.8 1:06p NNW 23 13.1 23.8 5:06p 0.6 6:04a 6.4 1.2 0.0 7.1 38.6 2:15p SW 24 20.7 29.9 3:33p 8.1 6:24a 2.5 4.9 0.0 7.4 33.8 2:36p SW 25 22.1 27.8 4:03p 16.6 4:47a 0.3 4.1 0.3 10.8 56.3 6:22p SW 26 25.1 30.3 1:11p 19.3 6:34a 0.0 6.8 0.0 10.1 38.6 1:55p SW 27 23.6 29.3 2:53p 19.8 3:42a 0.0 5.3 0.0 15.0 53.1 5:34p SW 28 21.0 27.6 5:02p 14.9 5:24a 0.7 3.4 0.0 10.1 37.0 4:35a NNW 29 21.5 28.3 3:43p 14.2 5:53a 0.7 3.9 0.0 6.0 30.6 3:46p SE 30 20.8 29.4 11:48a 12.7 11:56p 0.7 3.1 18.8 9.0 45.1 11:57a SW 31 8.9 12.7 12:01a 7.2 8:29p 9.4 0.0 22.4 9.8 33.8 12:27a NE ------------------------------------------------------------------------------------- 17.1 30.6 9 0.6 23 103.5 67.4 53.6 8.0 56.3 25 NNW Max >= 32.0: 0 Max <= 0.0: 0 Min <= 0.0: 0 Min <= -18.0: 0 Max Rain: 22.35 ON 05/31/15 Days of Rain: 6 (> .2 mm) 5 (> 2 mm) 1 (> 20 mm) Heat Base: 18.3 Cool Base: 18.3 Method: Integration