NOAA style reports

NOAA-style Climate Reports

2017: Jan | Feb | Mar | Apr | May | Jun | Jul | Aug | Sep | Oct | Nov | Dec 
2016: Jan | Feb | Mar | Apr | May | Jun | Jul | Aug | Sep | Oct | Nov | Dec 
2015: Jan | Feb | Mar | Apr | May | Jun | Jul | Aug | Sep | Oct | Nov | Dec 
2014: Jan | Feb | Mar | Apr | May | Jun | Jul | Aug | Sep | Oct | Nov | Dec 
2013: Jan | Feb | Mar | Apr | May | Jun | Jul | Aug | Sep | Oct | Nov | Dec 
2012: Jan | Feb | Mar | Apr | May | Jun | Jul | Aug | Sep | Oct | Nov | Dec 
2011: Jan | Feb | Mar | Apr | May | Jun | Jul | Aug | Sep | Oct | Nov | Dec 

Report for 2015 10
MONTHLY CLIMATOLOGICAL SUMMARY for SEP. 2015 NAME: Vaughan Weather CITY: Vaughan STATE: Ontario ELEV: 188 m LAT: 43 47' 23" N LONG: 79 36' 42" W TEMPERATURE (C), RAIN (mm), WIND SPEED (km/hr) HEAT COOL AVG MEAN DEG DEG WIND DOM DAY TEMP HIGH TIME LOW TIME DAYS DAYS RAIN SPEED HIGH TIME DIR ------------------------------------------------------------------------------------ 1 23.8 31.6 4:33p 18.3 7:40a 0.0 5.9 0.0 3.1 20.9 1:44p W 2 25.6 33.7 4:16p 18.8 7:05a 0.0 8.3 0.0 2.6 24.1 4:49p NW 3 24.1 31.6 2:30p 20.8 11:47p 0.0 7.2 0.0 3.1 43.5 6:23p NNW 4 24.1 29.1 2:14p 19.8 7:18a 0.0 7.1 0.0 7.1 30.6 2:57p ESE 5 24.7 31.2 3:53p 17.5 7:00a 0.1 7.7 0.0 5.0 33.8 4:44p SSE 6 26.1 31.8 3:07p 19.3 7:10a 0.0 8.7 0.0 4.2 25.7 12:02p WSW 7 28.4 34.5 3:25p 21.6 7:05a 0.0 12.6 0.0 7.9 35.4 3:03p SW 8 25.7 30.9 3:15p 23.2 6:55a 0.0 9.5 3.8 4.8 45.1 4:06p SSW 9 22.2 25.7 12:01a 16.1 11:57p 0.2 5.3 4.3 7.1 30.6 7:07p NW 10 18.8 25.3 2:01p 11.2 6:37a 2.7 3.3 0.0 2.9 30.6 2:07p ESE 11 16.7 23.2 2:38p 13.4 4:05a 2.8 0.8 0.5 4.3 30.6 5:40p NNW 12 13.5 15.8 2:45p 12.0 4:18a 6.4 0.0 17.3 4.7 30.6 2:03p N 13 12.6 14.9 2:23p 10.7 4:32a 9.1 0.0 1.3 10.9 40.2 11:35a NW 14 16.2 24.4 4:21p 8.7 6:21a 5.9 2.7 0.0 7.4 32.2 1:36p WNW 15 19.9 29.6 3:42p 10.1 6:43a 3.3 5.4 0.0 3.9 27.4 2:48p SW 16 22.1 30.4 3:56p 13.8 7:20a 1.3 6.9 0.0 3.2 25.7 6:18p SW 17 22.3 29.9 4:35p 14.0 7:34a 1.6 9.3 0.0 4.8 27.4 5:19p SSW 18 21.2 27.7 2:04p 14.0 7:16a 1.1 5.4 0.3 5.6 40.2 12:18p SSW 19 18.8 25.2 2:01p 13.1 11:57p 1.5 2.3 8.9 10.9 53.1 2:31p NW 20 14.4 21.1 3:22p 8.7 7:20a 6.7 0.6 0.0 2.4 19.3 4:21p NNW 21 14.2 21.6 2:25p 9.3 7:09a 7.5 0.6 0.0 3.5 24.1 1:08p NW 22 16.3 24.5 3:16p 8.5 7:13a 4.6 2.0 0.0 2.3 24.1 3:07p SSE 23 18.8 26.9 4:25p 12.4 8:46a 4.1 5.1 0.0 1.6 19.3 5:16p N 24 18.8 25.4 1:55p 14.7 7:01a 2.5 3.5 0.0 4.2 24.1 6:00p ESE 25 18.4 23.7 2:00p 13.5 7:16a 2.8 3.0 0.0 4.7 24.1 2:46p ESE 26 16.5 22.4 3:53p 9.8 6:32a 5.1 1.8 0.0 4.8 20.9 3:32p ESE 27 17.0 22.7 3:37p 10.7 6:49a 5.0 2.1 0.0 3.5 29.0 2:09p SSE 28 20.2 22.1 3:27p 18.4 12:03a 0.0 3.8 0.3 6.8 25.7 11:04a SSW 29 18.1 22.7 12:02p 14.6 6:50p 2.3 1.8 4.8 3.4 33.8 1:53p N 30 13.5 17.5 3:07p 8.9 11:59p 5.9 0.0 0.0 10.1 37.0 1:00p N ------------------------------------------------------------------------------------- 19.8 34.5 7 8.5 22 82.5 132.7 41.4 5.0 53.1 19 NW Max >= 32.0: 2 Max <= 0.0: 0 Min <= 0.0: 0 Min <= -18.0: 0 Max Rain: 17.27 ON 09/12/15 Days of Rain: 9 (> .2 mm) 5 (> 2 mm) 0 (> 20 mm) Heat Base: 18.3 Cool Base: 18.3 Method: Integration