NOAA style reports

NOAA-style Climate Reports

2017: Jan | Feb | Mar | Apr | May | Jun | Jul | Aug | Sep | Oct | Nov | Dec 
2016: Jan | Feb | Mar | Apr | May | Jun | Jul | Aug | Sep | Oct | Nov | Dec 
2015: Jan | Feb | Mar | Apr | May | Jun | Jul | Aug | Sep | Oct | Nov | Dec 
2014: Jan | Feb | Mar | Apr | May | Jun | Jul | Aug | Sep | Oct | Nov | Dec 
2013: Jan | Feb | Mar | Apr | May | Jun | Jul | Aug | Sep | Oct | Nov | Dec 
2012: Jan | Feb | Mar | Apr | May | Jun | Jul | Aug | Sep | Oct | Nov | Dec 
2011: Jan | Feb | Mar | Apr | May | Jun | Jul | Aug | Sep | Oct | Nov | Dec 

Report for 2016 12
MONTHLY CLIMATOLOGICAL SUMMARY for NOV. 2016 NAME: Vaughan Weather CITY: Vaughan STATE: Ontario ELEV: 188 m LAT: 43 47' 23" N LONG: 79 36' 42" W TEMPERATURE (C), RAIN (mm), WIND SPEED (km/hr) HEAT COOL AVG MEAN DEG DEG WIND DOM DAY TEMP HIGH TIME LOW TIME DAYS DAYS RAIN SPEED HIGH TIME DIR ------------------------------------------------------------------------------------ 1 10.8 17.2 4:47p 4.3 7:15a 10.0 0.0 0.0 3.4 29.0 11:42a SSE 2 14.3 18.9 2:18p 10.4 8:05a 5.3 0.0 2.3 1.4 17.7 8:41a NNW 3 10.7 14.3 3:23p 7.1 11:57p 14.1 0.0 14.5 8.0 30.6 10:12a NNW 4 6.8 12.7 3:47p 2.0 8:25a 18.6 0.0 0.0 6.1 30.6 5:04p NW 5 10.6 16.1 4:02p 5.7 12:32a 12.8 0.0 0.0 7.6 33.8 2:44p W 6 7.6 15.1 2:46p 3.3 11:59p 16.6 0.0 0.0 1.3 17.7 3:50p NW 7 8.5 17.8 1:34p 0.7 5:42a 17.0 0.0 0.0 1.4 19.3 2:38p SSE 8 8.9 16.2 1:39p 1.8 6:15a 13.3 0.0 2.0 2.7 22.5 1:09p W 9 5.9 10.6 1:11a 0.9 12:00m 18.4 0.0 0.0 12.4 40.2 2:22a NNW 10 9.2 17.3 3:06p -0.8 2:48a 12.7 0.0 0.0 10.9 41.8 12:50p SW 11 5.3 12.5 1:33a -1.6 11:47p 15.9 0.0 0.3 13.5 48.3 7:09a NNW 12 3.6 10.2 2:16p -4.7 7:45a 20.9 0.0 0.0 8.7 41.8 7:43p WSW 13 7.2 13.3 2:29p 1.8 7:36a 16.1 0.0 0.0 10.5 35.4 2:21p SW 14 8.3 14.5 3:40p 3.0 8:01a 12.5 0.0 0.0 5.1 30.6 12:08a SW 15 6.3 14.3 2:19p 0.2 6:13a 18.5 0.0 0.0 1.0 17.7 1:25p SSE 16 7.8 12.2 12:58p 3.4 12:01a 14.7 0.0 0.0 5.6 33.8 2:06p NW 17 6.3 12.9 2:07p 0.3 7:17a 14.0 0.0 0.3 2.7 24.1 12:48p SSE 18 9.9 17.8 2:10p 2.9 7:43a 9.5 0.0 0.0 2.4 27.4 2:21p SSE 19 6.8 12.6 8:49a 0.4 11:37p 15.5 0.0 4.6 9.0 41.8 5:05p SW 20 -0.5 1.9 4:13a -3.5 11:58p 30.6 0.0 0.8 22.9 64.4 3:28p NW 21 -1.4 0.5 12:54p -3.5 12:05a 33.1 0.0 0.0 25.4 59.5 11:44a NW 22 -0.7 2.3 2:11p -4.2 11:21p 21.4 0.0 0.0 12.1 40.2 2:07a NW 23 -1.7 0.4 3:23p -5.2 7:28a 24.9 0.0 0.0 2.4 22.5 10:00p E 24 1.8 2.9 11:37a -0.3 12:01a 19.8 0.0 3.3 4.2 27.4 7:48a E 25 4.8 6.8 1:46p 2.8 12:01a 16.5 0.0 1.0 3.7 32.2 2:59p W 26 4.1 6.7 1:13p 2.5 6:34a 18.0 0.0 1.5 4.0 20.9 12:40p W 27 4.2 7.8 1:27p 1.9 11:29p 17.7 0.0 0.0 4.2 25.7 11:22a WNW 28 5.2 8.3 12:07p 1.2 6:37a 19.9 0.0 1.3 7.2 33.8 11:09a ESE 29 9.4 14.3 2:44p 5.3 11:58p 10.5 0.0 2.5 7.4 32.2 1:20p SW 30 8.2 10.9 7:24p 4.6 12:44a 12.9 0.0 5.1 2.7 20.9 11:42p E ------------------------------------------------------------------------------------- 6.3 18.9 2 -5.2 23 501.4 0.0 39.4 7.0 64.4 20 NW Max >= 32.0: 0 Max <= 0.0: 0 Min <= 0.0: 8 Min <= -18.0: 0 Max Rain: 14.48 ON 11/03/16 Days of Rain: 13 (> .2 mm) 7 (> 2 mm) 0 (> 20 mm) Heat Base: 18.3 Cool Base: 18.3 Method: Integration