NOAA style reports

NOAA-style Climate Reports

2017: Jan | Feb | Mar | Apr | May | Jun | Jul | Aug | Sep | Oct | Nov | Dec 
2016: Jan | Feb | Mar | Apr | May | Jun | Jul | Aug | Sep | Oct | Nov | Dec 
2015: Jan | Feb | Mar | Apr | May | Jun | Jul | Aug | Sep | Oct | Nov | Dec 
2014: Jan | Feb | Mar | Apr | May | Jun | Jul | Aug | Sep | Oct | Nov | Dec 
2013: Jan | Feb | Mar | Apr | May | Jun | Jul | Aug | Sep | Oct | Nov | Dec 
2012: Jan | Feb | Mar | Apr | May | Jun | Jul | Aug | Sep | Oct | Nov | Dec 
2011: Jan | Feb | Mar | Apr | May | Jun | Jul | Aug | Sep | Oct | Nov | Dec 

Report for 2017 04
MONTHLY CLIMATOLOGICAL SUMMARY for MAR. 2017 NAME: Vaughan Weather CITY: Vaughan STATE: Ontario ELEV: 188 m LAT: 43 47' 23" N LONG: 79 36' 42" W TEMPERATURE (C), RAIN (mm), WIND SPEED (km/hr) HEAT COOL AVG MEAN DEG DEG WIND DOM DAY TEMP HIGH TIME LOW TIME DAYS DAYS RAIN SPEED HIGH TIME DIR ------------------------------------------------------------------------------------ 1 9.4 13.4 11:28a -2.2 12:00m 8.9 0.0 15.5 13.2 66.0 8:15p SW 2 -5.3 -1.8 3:41p -7.5 4:46a 23.4 0.0 0.0 18.8 59.5 2:28a NW 3 -7.4 -5.3 6:29a -9.5 10:53p 25.4 0.0 0.0 12.1 51.5 10:15a NW 4 -9.6 -5.9 3:39p -12.9 7:41a 27.8 0.0 0.0 8.5 32.2 12:21p N 5 -6.8 -1.7 3:50p -13.9 5:17a 24.9 0.0 0.0 7.4 32.2 10:46a ESE 6 2.9 6.9 11:56p -2.5 12:36a 15.3 0.0 0.0 5.0 22.5 2:54a ESE 7 9.4 13.1 3:18p 6.1 11:49p 8.9 0.0 9.1 8.9 43.5 2:33p SSE 8 5.4 10.1 1:10p 1.7 11:25p 12.9 0.0 0.0 19.5 72.4 1:41p SW 9 -0.1 2.8 1:30p -2.4 4:54a 18.3 0.0 0.0 14.3 59.5 12:50a WNW 10 -6.4 -2.2 2:19a -10.4 8:25p 24.6 0.0 0.0 19.2 57.9 3:35p NW 11 -9.8 -6.2 4:40p -13.4 6:43a 27.9 0.0 0.0 13.2 56.3 1:24p NW 12 -9.4 -4.6 3:54p -13.9 7:24a 26.2 0.0 0.0 8.4 37.0 4:16p NNE 13 -9.0 -5.4 12:21p -12.0 3:17a 27.1 0.0 0.0 6.4 27.4 1:27p ENE 14 -9.3 -7.2 3:11p -11.3 8:10a 27.4 0.0 0.0 16.9 51.5 2:54p N 15 -6.6 -3.1 4:26p -9.9 3:12a 24.7 0.0 0.0 25.9 64.4 12:37p NNW 16 -2.8 3.0 3:28p -8.7 6:42a 21.0 0.0 0.0 12.7 43.5 4:01p NW 17 0.0 6.8 1:36p -7.7 7:13a 18.3 0.0 0.0 3.4 32.2 3:18p SSE 18 0.6 2.1 4:31a -0.6 3:19p 17.7 0.0 0.0 7.6 33.8 1:38p ENE 19 3.3 9.7 4:06p -0.4 2:15a 14.9 0.0 1.0 3.2 22.5 5:04p N 20 2.8 7.2 4:47p -2.2 4:57a 15.5 0.0 0.0 2.9 25.7 1:14p SSW 21 5.2 12.7 3:22p -1.3 11:59p 13.1 0.0 0.0 13.0 56.3 5:12p NW 22 -5.4 -1.3 12:01a -9.2 7:56a 23.6 0.0 0.0 16.7 54.7 2:11a NNW 23 -2.5 4.3 4:44p -10.3 7:31a 20.7 0.0 0.0 3.2 29.0 1:55p SSE 24 5.6 15.2 3:25p 0.7 12:01a 12.7 0.0 5.6 6.3 35.4 6:37p NNW 25 2.9 4.2 4:35p 1.8 7:29a 15.3 0.0 7.9 5.1 30.6 11:19p ESE 26 3.3 5.9 10:39p 0.6 5:39a 15.0 0.0 1.8 9.2 30.6 1:02a ESE 27 10.2 15.7 3:12p 5.9 12:01a 8.1 0.0 1.5 2.7 24.1 4:04p WSW 28 5.8 11.2 12:01a 2.6 11:21p 12.5 0.0 0.0 9.3 35.4 6:36p NNW 29 4.9 10.9 3:27p -0.8 6:39a 13.4 0.0 0.0 4.5 29.0 3:22p NNW 30 2.1 3.9 12:01p 0.3 9:11p 16.2 0.0 0.0 11.1 43.5 3:10p ESE 31 2.5 3.8 3:59p 1.0 12:01a 15.8 0.0 7.6 10.8 46.7 1:19a E ------------------------------------------------------------------------------------- -0.5 15.7 27 -13.9 5 577.4 0.0 50.0 10.3 72.4 8 NNW Max >= 32.0: 0 Max <= 0.0: 11 Min <= 0.0: 22 Min <= -18.0: 0 Max Rain: 15.49 ON 03/01/17 Days of Rain: 8 (> .2 mm) 5 (> 2 mm) 0 (> 20 mm) Heat Base: 18.3 Cool Base: 18.3 Method: Integration