NOAA style reports

NOAA-style Climate Reports

2017: Jan | Feb | Mar | Apr | May | Jun | Jul | Aug | Sep | Oct | Nov | Dec 
2016: Jan | Feb | Mar | Apr | May | Jun | Jul | Aug | Sep | Oct | Nov | Dec 
2015: Jan | Feb | Mar | Apr | May | Jun | Jul | Aug | Sep | Oct | Nov | Dec 
2014: Jan | Feb | Mar | Apr | May | Jun | Jul | Aug | Sep | Oct | Nov | Dec 
2013: Jan | Feb | Mar | Apr | May | Jun | Jul | Aug | Sep | Oct | Nov | Dec 
2012: Jan | Feb | Mar | Apr | May | Jun | Jul | Aug | Sep | Oct | Nov | Dec 
2011: Jan | Feb | Mar | Apr | May | Jun | Jul | Aug | Sep | Oct | Nov | Dec 

Report for 2017 05
MONTHLY CLIMATOLOGICAL SUMMARY for APR. 2017 NAME: Vaughan Weather CITY: Vaughan STATE: Ontario ELEV: 188 m LAT: 43 47' 23" N LONG: 79 36' 42" W TEMPERATURE (C), RAIN (mm), WIND SPEED (km/hr) HEAT COOL AVG MEAN DEG DEG WIND DOM DAY TEMP HIGH TIME LOW TIME DAYS DAYS RAIN SPEED HIGH TIME DIR ------------------------------------------------------------------------------------ 1 4.9 11.1 3:51p 1.3 4:44a 13.4 0.0 0.0 9.0 35.4 4:21p NNW 2 8.5 16.8 4:25p 0.6 4:19a 9.7 0.0 0.0 6.0 33.8 5:30p WNW 3 8.8 12.8 1:13p 5.6 3:07a 9.5 0.0 1.3 8.4 48.3 10:03p ESE 4 7.7 12.4 2:52p 5.1 11:59p 10.6 0.0 13.5 10.0 46.7 6:18p ESE 5 7.0 13.6 2:13p 4.1 1:16a 11.3 0.0 0.0 10.3 38.6 12:06a ENE 6 5.4 7.7 9:44a 0.9 11:57p 12.9 0.0 20.3 12.9 40.2 9:38p ENE 7 1.4 4.7 6:47p -0.9 8:45a 16.9 0.0 4.1 22.9 59.5 3:28p NNW 8 6.2 13.4 4:54p -1.3 4:43a 12.0 0.0 0.0 6.9 32.2 10:15a NW 9 11.4 20.6 5:08p 1.2 6:52a 7.2 0.4 0.0 6.8 41.8 3:32p SSW 10 16.7 23.9 1:28p 10.7 6:56a 2.8 1.1 4.1 8.7 53.1 10:57a SW 11 14.4 19.7 1:34p 9.0 8:40a 3.9 0.1 6.9 7.6 38.6 4:52a WNW 12 6.3 9.1 12:03a 2.9 11:59p 12.0 0.0 0.0 14.0 38.6 3:29p WNW 13 7.8 15.6 5:06p -0.1 7:15a 10.5 0.0 0.0 1.8 20.9 12:53p W 14 10.1 17.4 3:34p 2.4 7:07a 8.2 0.0 0.0 2.9 24.1 1:53p ESE 15 9.6 18.8 11:42p 3.6 5:01a 8.7 0.0 3.8 2.1 22.5 4:08p SSE 16 18.7 22.3 11:33a 9.5 12:00m 0.9 1.3 0.3 13.7 59.5 12:52p SW 17 7.6 11.8 3:27p 1.2 11:57p 10.8 0.0 0.0 12.4 37.0 10:21a NNW 18 5.0 11.4 3:45p -1.3 6:55a 13.3 0.0 0.0 4.8 29.0 11:48a ESE 19 11.8 21.6 4:59p 5.3 1:03a 6.7 0.3 1.5 8.7 40.2 12:50p SW 20 6.7 9.1 12:01a 5.6 12:49p 11.5 0.0 14.2 8.0 30.6 5:00p ESE 21 8.9 13.7 1:06p 6.2 10:06p 9.4 0.0 0.3 10.1 40.2 12:18p WNW 22 8.3 13.5 4:31p 4.1 7:45a 10.0 0.0 0.0 12.2 40.2 2:51p NNW 23 11.4 21.6 3:13p 0.6 6:12a 7.5 0.6 0.0 5.6 32.2 3:24p NNW 24 10.0 15.7 3:33p 4.8 7:02a 8.3 0.0 0.0 5.6 25.7 9:02a ESE 25 9.0 11.1 7:44p 6.4 5:41a 9.3 0.0 3.3 8.0 30.6 11:46a ESE 26 12.9 18.1 5:04p 9.1 6:42a 5.4 0.0 0.0 4.8 24.1 5:56p ESE 27 17.8 27.7 4:53p 9.9 6:27a 2.9 2.4 4.3 5.8 49.9 6:09p SSE 28 14.3 20.0 4:19p 8.3 6:33a 4.2 0.1 0.0 10.1 38.6 5:52p SW 29 10.0 14.9 12:01a 5.7 7:13a 8.3 0.0 0.0 11.4 38.6 9:47a NNW 30 6.5 8.6 2:39p 4.1 7:19a 11.8 0.0 14.5 9.0 40.2 8:44a E ------------------------------------------------------------------------------------- 9.5 27.7 27 -1.3 8 269.8 6.2 92.2 8.7 59.5 7 NNW Max >= 32.0: 0 Max <= 0.0: 0 Min <= 0.0: 4 Min <= -18.0: 0 Max Rain: 20.32 ON 04/06/17 Days of Rain: 14 (> .2 mm) 10 (> 2 mm) 1 (> 20 mm) Heat Base: 18.3 Cool Base: 18.3 Method: Integration