NOAA style reports

NOAA-style Climate Reports

2017: Jan | Feb | Mar | Apr | May | Jun | Jul | Aug | Sep | Oct | Nov | Dec 
2016: Jan | Feb | Mar | Apr | May | Jun | Jul | Aug | Sep | Oct | Nov | Dec 
2015: Jan | Feb | Mar | Apr | May | Jun | Jul | Aug | Sep | Oct | Nov | Dec 
2014: Jan | Feb | Mar | Apr | May | Jun | Jul | Aug | Sep | Oct | Nov | Dec 
2013: Jan | Feb | Mar | Apr | May | Jun | Jul | Aug | Sep | Oct | Nov | Dec 
2012: Jan | Feb | Mar | Apr | May | Jun | Jul | Aug | Sep | Oct | Nov | Dec 
2011: Jan | Feb | Mar | Apr | May | Jun | Jul | Aug | Sep | Oct | Nov | Dec 

Report for 2017 09
MONTHLY CLIMATOLOGICAL SUMMARY for AUG. 2017 NAME: Vaughan Weather CITY: Vaughan STATE: Ontario ELEV: 188 m LAT: 43 47' 23" N LONG: 79 36' 42" W TEMPERATURE (C), RAIN (mm), WIND SPEED (km/hr) HEAT COOL AVG MEAN DEG DEG WIND DOM DAY TEMP HIGH TIME LOW TIME DAYS DAYS RAIN SPEED HIGH TIME DIR ------------------------------------------------------------------------------------ 1 22.7 30.8 1:24p 17.2 6:41a 0.1 6.5 0.0 1.1 46.7 3:25p SW 2 22.2 30.4 2:24p 16.4 6:45a 0.2 4.9 7.9 2.1 29.0 12:52p SW 3 22.3 29.1 2:41p 18.0 5:13a 0.0 5.6 3.8 1.1 35.4 3:27p SE 4 21.9 27.4 3:06p 17.2 11:57p 0.0 5.0 8.9 6.9 48.3 2:33p S 5 17.8 22.3 3:19p 14.2 11:58p 1.6 0.9 0.3 12.7 53.1 2:38p WNW 6 18.8 26.9 2:45p 10.7 6:07a 3.5 4.3 0.0 3.7 27.4 11:01a W 7 17.9 21.8 6:08p 14.4 11:58p 1.4 0.9 2.5 0.6 20.9 8:18p NNW 8 19.6 27.2 5:03p 12.1 6:24a 2.7 4.4 0.3 3.5 27.4 5:25p WNW 9 22.5 29.8 2:36p 15.7 6:56a 0.6 6.7 0.0 3.2 33.8 4:09p WNW 10 21.9 28.8 4:16p 14.8 6:49a 0.8 6.3 0.0 2.7 32.2 4:00p SSE 11 21.6 24.9 12:04p 19.9 2:01a 0.0 3.2 6.1 2.9 33.8 1:29p SSW 12 13 14 15 16 17 19.1 20.2 11:49p 18.1 5:45p 0.0 0.2 4.3 3.5 19.3 5:06p ESE 18 22.9 26.9 12:48p 19.8 6:52a 0.0 4.6 0.3 7.9 41.8 2:29p W 19 20.4 24.7 3:38p 16.5 11:58p 0.1 2.2 0.0 6.9 38.6 2:07p W 20 22.0 29.8 3:52p 14.0 6:54a 1.2 5.0 0.0 3.5 30.6 3:56p W 21 24.6 31.2 1:23p 16.4 7:00a 0.2 6.5 0.0 2.4 25.7 12:17p WNW 22 22.7 26.0 4:03p 15.9 11:58p 0.1 4.6 10.7 10.1 61.2 1:47p SW 23 17.9 24.2 2:14p 13.3 6:25a 2.0 1.5 0.0 9.7 46.7 4:12p WNW 24 15.8 21.1 5:12p 11.6 4:04a 3.1 0.5 0.0 4.0 22.5 1:49p NNW 25 16.1 22.5 4:34p 9.4 6:44a 3.5 1.2 0.0 3.4 25.7 12:30p NNW 26 16.4 23.9 4:30p 8.8 6:28a 3.4 1.5 0.0 2.1 19.3 5:59p NNW 27 17.1 23.8 2:23p 9.6 6:51a 2.9 1.6 0.0 4.7 29.0 1:17p ESE 28 18.9 23.9 3:18p 14.6 6:47a 1.1 1.7 0.0 5.6 25.7 4:10p ESE 29 19.8 24.8 2:54p 15.7 7:19a 0.5 2.0 0.0 3.9 25.7 5:01p ESE 30 19.0 25.7 1:17p 12.2 6:19a 1.9 2.7 0.0 1.4 16.1 3:16p NW 31 15.6 19.3 2:58p 9.8 11:57p 3.0 0.0 1.8 9.0 40.2 3:33p NNW ------------------------------------------------------------------------------------- 19.9 31.2 21 8.8 26 33.9 84.6 46.7 4.6 61.2 22 WNW Max >= 32.0: 0 Max <= 0.0: 0 Min <= 0.0: 0 Min <= -18.0: 0 Max Rain: 10.67 ON 08/22/17 Days of Rain: 11 (> .2 mm) 7 (> 2 mm) 0 (> 20 mm) Heat Base: 18.3 Cool Base: 18.3 Method: Integration