NOAA style reports

NOAA-style Climate Reports

2018: Jan | Feb | Mar | Apr | May | Jun | Jul | Aug | Sep | Oct | Nov | Dec 
2017: Jan | Feb | Mar | Apr | May | Jun | Jul | Aug | Sep | Oct | Nov | Dec 
2016: Jan | Feb | Mar | Apr | May | Jun | Jul | Aug | Sep | Oct | Nov | Dec 
2015: Jan | Feb | Mar | Apr | May | Jun | Jul | Aug | Sep | Oct | Nov | Dec 
2014: Jan | Feb | Mar | Apr | May | Jun | Jul | Aug | Sep | Oct | Nov | Dec 
2013: Jan | Feb | Mar | Apr | May | Jun | Jul | Aug | Sep | Oct | Nov | Dec 
2012: Jan | Feb | Mar | Apr | May | Jun | Jul | Aug | Sep | Oct | Nov | Dec 
2011: Jan | Feb | Mar | Apr | May | Jun | Jul | Aug | Sep | Oct | Nov | Dec 

Report for 2017 12
MONTHLY CLIMATOLOGICAL SUMMARY for NOV. 2017 NAME: Vaughan Weather CITY: Vaughan STATE: Ontario ELEV: 188 m LAT: 43 47' 23" N LONG: 79 36' 42" W TEMPERATURE (C), RAIN (mm), WIND SPEED (km/hr) HEAT COOL AVG MEAN DEG DEG WIND DOM DAY TEMP HIGH TIME LOW TIME DAYS DAYS RAIN SPEED HIGH TIME DIR ------------------------------------------------------------------------------------ 1 5.4 7.8 3:06p 3.9 7:35a 21.6 0.0 0.5 1.4 14.5 12:23p E 2 11.2 15.9 8:51p 6.2 12:01a 12.8 0.0 9.1 4.2 30.6 11:59p SSW 3 8.8 14.2 12:01a 2.8 11:57p 17.7 0.0 2.0 8.2 43.5 1:45p NW 4 4.2 7.4 2:02p 0.1 6:12a 25.8 0.0 1.3 5.6 32.2 3:22p E 5 12.4 15.8 5:43p 6.2 12:01a 10.5 0.0 7.1 4.5 33.8 11:10p SSE 6 6.7 12.3 12:01a 4.1 11:17p 20.1 0.0 0.0 10.9 38.6 10:43a NW 7 4.6 7.6 1:16p 1.3 11:55p 23.7 0.0 0.0 0.6 16.1 2:51p SSE 8 3.1 8.7 2:48p -2.0 7:20a 28.3 0.0 0.0 3.2 32.2 11:15a SW 9 1.6 8.4 1:13p -3.3 12:00m 31.2 0.0 0.3 11.1 54.7 8:51p SW 10 -6.8 -3.3 12:01a -10.5 8:13a 39.8 0.0 0.0 13.8 49.9 12:36a NNW 11 -3.7 0.4 2:22p -9.3 7:02a 35.9 0.0 0.0 3.1 24.1 2:43p NW 12 2.3 5.2 1:43p -0.3 12:01a 27.8 0.0 0.5 0.5 19.3 10:24p SSE 13 3.6 5.5 12:26p 1.7 12:01a 23.0 0.0 0.8 0.2 12.9 11:40p NW 14 3.9 7.4 2:14p -0.5 12:00m 20.3 0.0 0.0 0.6 14.5 10:07a SSE 15 4.4 8.3 11:48p -1.1 1:04a 21.8 0.0 1.8 5.0 30.6 11:09p SSE 16 4.8 8.7 12:59a -0.2 11:57p 21.1 0.0 0.3 17.5 49.9 7:59a NW 17 0.4 3.3 2:09p -2.1 7:15a 24.8 0.0 0.0 5.3 33.8 2:19a SSE 18 5.8 8.3 2:31p 2.1 12:01a 16.2 0.0 11.9 3.4 37.0 11:41p ENE 19 1.3 4.1 10:55a -1.8 7:38p 23.6 0.0 1.3 18.0 49.9 2:45a NW 20 2.2 6.1 4:03p -1.3 12:01a 24.9 0.0 0.0 9.7 40.2 4:43a WSW 21 7.0 11.7 2:17p 2.9 11:37p 17.8 0.0 0.0 14.6 53.1 11:02a SW 22 -0.2 2.9 12:03a -2.8 6:40p 31.0 0.0 0.0 12.6 37.0 9:47a NW 23 0.9 3.3 2:40p -0.9 12:01a 26.9 0.0 0.0 7.9 35.4 4:00p SW 24 5.9 11.0 2:00p 0.8 4:43a 17.0 0.0 0.0 10.0 41.8 2:23p SSW 25 7.1 9.5 3:59a 1.3 11:58p 15.2 0.0 0.5 12.4 48.3 10:19p WNW 26 0.9 2.7 11:02p -0.7 7:35a 21.8 0.0 0.3 11.3 38.6 1:02a NW 27 0.9 4.1 1:29a -2.2 11:55p 25.0 0.0 0.0 6.3 43.5 1:54a N 28 7.3 16.9 2:03p -2.5 1:25a 14.4 0.0 0.0 7.9 49.9 9:17p SSW 29 4.4 11.3 12:01a -2.2 11:07p 20.2 0.0 0.0 8.7 45.1 9:34a W 30 2.2 6.8 3:43p -3.9 5:27a 18.7 0.0 2.0 4.2 32.2 4:17p W ------------------------------------------------------------------------------------- 3.8 16.9 28 -10.5 10 678.9 0.0 39.6 7.4 54.7 9 NW Max >= 32.0: 0 Max <= 0.0: 1 Min <= 0.0: 18 Min <= -18.0: 0 Max Rain: 11.94 ON 11/18/17 Days of Rain: 15 (> .2 mm) 5 (> 2 mm) 0 (> 20 mm) Heat Base: 18.3 Cool Base: 18.3 Method: Integration