NOAA style reports

NOAA-style Climate Reports

2017: Jan | Feb | Mar | Apr | May | Jun | Jul | Aug | Sep | Oct | Nov | Dec 
2016: Jan | Feb | Mar | Apr | May | Jun | Jul | Aug | Sep | Oct | Nov | Dec 
2015: Jan | Feb | Mar | Apr | May | Jun | Jul | Aug | Sep | Oct | Nov | Dec 
2014: Jan | Feb | Mar | Apr | May | Jun | Jul | Aug | Sep | Oct | Nov | Dec 
2013: Jan | Feb | Mar | Apr | May | Jun | Jul | Aug | Sep | Oct | Nov | Dec 
2012: Jan | Feb | Mar | Apr | May | Jun | Jul | Aug | Sep | Oct | Nov | Dec 
2011: Jan | Feb | Mar | Apr | May | Jun | Jul | Aug | Sep | Oct | Nov | Dec 

Report for 2011 12
MONTHLY CLIMATOLOGICAL SUMMARY for DEC. 2011 NAME: Vaughan Weather CITY: Vaughan STATE: Ontario ELEV: 188 m LAT: 43 47' 23" N LONG: 79 36' 42" W TEMPERATURE (C), RAIN (mm), WIND SPEED (km/hr) HEAT COOL AVG MEAN DEG DEG WIND DOM DAY TEMP HIGH TIME LOW TIME DAYS DAYS RAIN SPEED HIGH TIME DIR ------------------------------------------------------------------------------------ 1 2.5 7.3 1:40p -2.4 7:34a 15.7 0.0 0.0 4.0 24.1 1:15p SSW 2 0.9 3.8 12:38p -3.1 11:45p 17.3 0.0 0.8 3.9 22.5 1:12p NNW 3 1.6 5.8 6:25p -4.7 6:13a 16.6 0.0 0.0 4.5 29.0 10:52a SSE 4 7.4 9.6 11:58p 4.6 12:01a 10.8 0.0 3.3 9.0 37.0 10:29a SSW 5 5.3 9.6 12:01a 0.6 9:05p 12.9 0.0 9.1 5.5 20.9 1:59p NNW 6 0.7 1.6 1:53p -0.4 11:57p 17.2 0.0 2.0 5.3 17.7 8:04a N 7 -0.3 1.2 1:09p -2.1 9:33p 18.5 0.0 0.0 5.0 24.1 7:14p NW 8 0.7 3.0 1:54p -0.9 8:10a 17.5 0.0 0.0 10.8 35.4 11:12a SW 9 -0.3 2.3 1:08p -4.6 11:57p 18.5 0.0 0.0 8.7 33.8 7:32p SW 10 -4.7 -2.2 12:10p -6.3 7:32a 22.8 0.0 0.0 7.9 32.2 12:28p W 11 -1.0 3.9 2:53p -5.1 7:45a 19.1 0.0 0.0 10.0 35.4 12:14p SW 12 0.7 6.2 2:02p -2.8 7:18a 17.6 0.0 0.0 3.7 20.9 1:12p SSW 13 2.4 7.7 2:52p -3.1 12:43a 15.9 0.0 0.0 1.6 11.3 10:47a W 14 3.4 6.1 11:53p -1.1 7:33a 14.7 0.0 2.0 5.0 25.7 4:52p SE 15 10.0 13.8 1:03p 3.7 11:59p 8.3 0.0 2.3 14.3 45.1 11:18p W 16 2.3 5.4 12:33p -0.7 11:59p 15.7 0.0 0.0 13.5 53.1 12:37a W 17 -5.8 -0.7 12:01a -9.3 10:10p 23.7 0.0 0.0 7.2 30.6 1:24a NNW 18 -2.3 1.3 11:56p -9.2 12:35a 20.0 0.0 0.0 5.5 27.4 11:44p SSE 19 3.8 6.8 11:45a 0.4 11:47p 14.4 0.0 0.0 13.5 38.6 4:30a SW 20 -2.2 0.5 12:01a -5.7 7:28a 20.3 0.0 0.0 4.8 32.2 12:19a NNW 21 2.3 4.9 3:39p -0.9 12:01a 15.9 0.0 5.8 3.7 22.5 7:49p NNW 22 3.2 6.1 11:51a 0.7 11:57p 15.0 0.0 0.8 4.7 25.7 12:48p WNW 23 -4.1 0.9 2:25a -7.9 8:17p 22.2 0.0 0.3 9.3 43.5 5:28a NNW 24 -4.2 -0.3 11:54p -9.2 7:32a 22.2 0.0 0.0 5.0 27.4 8:11p SE 25 1.9 4.4 1:44p -0.3 12:01a 16.3 0.0 0.0 9.5 33.8 9:05p SSW 26 1.9 4.4 2:33p 0.4 11:37p 16.3 0.0 0.0 8.0 35.4 12:29p SSW 27 1.2 2.8 10:42a 0.3 5:46p 16.8 0.0 9.4 4.2 20.9 2:01p S 28 -7.1 1.2 12:45a -13.6 11:59p 24.8 0.0 0.0 15.1 54.7 3:31a NW 29 -8.0 -3.3 4:04p -14.6 1:43a 25.9 0.0 0.3 6.3 27.4 3:11p E 30 -2.2 -0.1 11:57p -3.8 5:09a 20.0 0.0 2.0 5.0 25.7 12:40a E 31 1.3 2.5 12:35p -0.1 12:01a 16.7 0.0 0.3 3.9 22.5 1:04p NNW ------------------------------------------------------------------------------------- 0.4 13.8 15 -14.6 29 550.0 0.0 38.4 7.0 54.7 28 W Max >= 32.0: 0 Max <= 0.0: 5 Min <= 0.0: 24 Min <= -18.0: 0 Max Rain: 9.40 ON 27/12/11 Days of Rain: 13 (> .2 mm) 8 (> 2 mm) 0 (> 20 mm) Heat Base: 18.3 Cool Base: 18.3 Method: Integration