NOAA style reports

NOAA-style Climate Reports

2017: Jan | Feb | Mar | Apr | May | Jun | Jul | Aug | Sep | Oct | Nov | Dec 
2016: Jan | Feb | Mar | Apr | May | Jun | Jul | Aug | Sep | Oct | Nov | Dec 
2015: Jan | Feb | Mar | Apr | May | Jun | Jul | Aug | Sep | Oct | Nov | Dec 
2014: Jan | Feb | Mar | Apr | May | Jun | Jul | Aug | Sep | Oct | Nov | Dec 
2013: Jan | Feb | Mar | Apr | May | Jun | Jul | Aug | Sep | Oct | Nov | Dec 
2012: Jan | Feb | Mar | Apr | May | Jun | Jul | Aug | Sep | Oct | Nov | Dec 
2011: Jan | Feb | Mar | Apr | May | Jun | Jul | Aug | Sep | Oct | Nov | Dec 

Report for 2012 06
MONTHLY CLIMATOLOGICAL SUMMARY for JUN. 2012 NAME: Vaughan Weather CITY: Vaughan STATE: Ontario ELEV: 188 m LAT: 43 47' 23" N LONG: 79 36' 42" W TEMPERATURE (C), RAIN (mm), WIND SPEED (km/hr) HEAT COOL AVG MEAN DEG DEG WIND DOM DAY TEMP HIGH TIME LOW TIME DAYS DAYS RAIN SPEED HIGH TIME DIR ------------------------------------------------------------------------------------ 1 12.6 14.7 10:48p 10.8 6:38a 5.7 0.0 24.9 14.5 69.2 7:22p E 2 13.6 17.8 5:47p 11.1 5:19a 4.7 0.0 1.5 10.8 45.1 8:21p SW 3 14.4 18.0 1:33p 11.8 6:13a 3.9 0.0 1.5 8.4 30.6 6:20p W 4 13.2 16.5 3:39p 9.2 4:39a 5.1 0.0 0.0 6.0 29.0 7:01p NNE 5 16.2 22.7 4:38p 8.9 6:04a 3.0 0.9 0.0 3.4 24.1 4:28p N 6 17.9 25.8 3:20p 12.9 2:51a 1.8 1.5 0.8 4.8 29.0 7:05p NW 7 19.3 27.3 2:34p 11.4 3:15a 1.9 2.8 0.0 4.7 32.2 3:33p W 8 21.7 28.3 3:50p 12.9 5:45a 1.2 4.5 0.0 9.0 37.0 5:54p WNW 9 21.4 26.2 5:49p 18.1 6:38a 0.0 3.1 2.5 5.6 25.7 12:55a W 10 24.3 32.4 2:40p 15.3 5:46a 0.4 6.4 0.0 3.7 27.4 2:02p SSE 11 23.6 30.6 4:53p 17.3 5:31a 0.1 5.3 5.6 6.8 35.4 4:56p S 12 21.7 28.6 2:08p 12.7 11:59p 0.4 3.7 9.4 10.3 43.5 3:45p NW 13 15.3 21.0 5:10p 10.0 2:51a 3.4 0.5 0.0 9.0 30.6 9:30a NNW 14 17.9 23.8 4:30p 10.4 5:44a 2.3 1.9 0.0 7.6 27.4 11:10a ESE 15 20.5 27.8 3:51p 11.3 4:50a 1.7 3.9 0.0 4.8 27.4 2:57p ESE 16 22.9 29.3 2:41p 16.2 5:40a 0.3 4.8 0.0 5.1 30.6 3:15p SSE 17 22.3 26.4 4:40p 19.1 6:08a 0.0 4.0 0.0 6.8 38.6 7:06p SSE 18 23.9 28.4 2:46p 20.2 5:29a 0.0 5.7 0.0 7.2 30.6 1:08p SSE 19 27.5 33.8 3:50p 21.6 2:24a 0.0 9.2 0.0 7.4 30.6 5:23p W 20 29.5 34.4 4:39p 22.8 6:07a 0.0 11.2 0.0 7.9 33.8 5:50p W 21 26.3 34.6 2:51p 21.4 6:12a 0.0 8.0 25.4 6.8 61.2 5:00p SW 22 22.0 27.2 3:52p 17.1 5:58a 0.1 3.8 0.0 6.9 29.0 5:18p NW 23 20.8 27.8 4:09p 12.9 5:44a 1.2 3.7 0.0 4.8 19.3 1:40p NNW 24 19.6 24.7 11:59a 15.5 6:27a 0.7 2.0 15.5 3.9 24.1 6:16p NW 25 16.8 20.3 4:44p 13.7 6:22a 1.8 0.3 0.3 12.1 45.1 3:27p NNW 26 19.0 26.0 3:04p 11.2 3:43a 2.0 2.7 0.0 8.4 40.2 3:05p NNW 27 19.4 25.0 4:51p 13.3 4:31a 1.1 2.2 0.0 5.1 37.0 12:53p NW 28 24.1 32.0 3:28p 15.6 5:26a 0.5 6.3 0.0 3.5 25.7 3:24p SE 29 25.9 31.4 3:15p 19.9 6:30a 0.0 7.6 0.0 9.7 40.2 1:03p W 30 25.0 32.1 4:00p 17.1 3:38a 0.1 6.8 0.0 7.9 41.8 2:55p WNW ------------------------------------------------------------------------------------- 20.6 34.6 21 8.9 5 43.3 112.7 87.4 7.1 69.2 1 NW Max >= 32.0: 6 Max <= 0.0: 0 Min <= 0.0: 0 Min <= -18.0: 0 Max Rain: 25.40 ON 21/06/12 Days of Rain: 10 (> .2 mm) 6 (> 2 mm) 2 (> 20 mm) Heat Base: 18.3 Cool Base: 18.3 Method: Integration