NOAA style reports

NOAA-style Climate Reports

2017: Jan | Feb | Mar | Apr | May | Jun | Jul | Aug | Sep | Oct | Nov | Dec 
2016: Jan | Feb | Mar | Apr | May | Jun | Jul | Aug | Sep | Oct | Nov | Dec 
2015: Jan | Feb | Mar | Apr | May | Jun | Jul | Aug | Sep | Oct | Nov | Dec 
2014: Jan | Feb | Mar | Apr | May | Jun | Jul | Aug | Sep | Oct | Nov | Dec 
2013: Jan | Feb | Mar | Apr | May | Jun | Jul | Aug | Sep | Oct | Nov | Dec 
2012: Jan | Feb | Mar | Apr | May | Jun | Jul | Aug | Sep | Oct | Nov | Dec 
2011: Jan | Feb | Mar | Apr | May | Jun | Jul | Aug | Sep | Oct | Nov | Dec 

Report for 2012 09
MONTHLY CLIMATOLOGICAL SUMMARY for SEP. 2012 NAME: Vaughan Weather CITY: Vaughan STATE: Ontario ELEV: 188 m LAT: 43 47' 23" N LONG: 79 36' 42" W TEMPERATURE (C), RAIN (mm), WIND SPEED (km/hr) HEAT COOL AVG MEAN DEG DEG WIND DOM DAY TEMP HIGH TIME LOW TIME DAYS DAYS RAIN SPEED HIGH TIME DIR ------------------------------------------------------------------------------------ 1 22.0 28.6 2:21p 15.2 6:50a 0.5 4.2 0.0 4.0 20.9 10:09a NNW 2 21.1 27.7 3:29p 15.1 7:11a 0.6 3.4 0.0 3.7 19.3 4:37p NNE 3 22.1 30.1 4:06p 13.9 6:29a 1.1 4.9 0.0 4.0 24.1 12:44p NNW 4 20.5 23.4 10:59a 18.1 11:29p 0.0 2.2 44.7 1.3 29.0 11:52a NE 5 21.8 27.1 2:33p 17.1 2:08a 0.1 3.6 0.0 3.9 22.5 3:10p SSE 6 22.8 28.4 4:42p 18.1 12:00m 0.0 4.5 0.0 3.4 19.3 9:02a N 7 21.2 26.8 1:56p 14.7 5:33a 0.9 3.7 0.0 4.2 24.1 1:56p NNW 8 17.6 21.8 12:01a 13.2 11:58p 1.3 0.6 25.7 7.6 49.9 3:14p W 9 14.9 21.1 3:40p 10.2 5:31a 3.7 0.3 0.0 4.5 22.5 3:40p NW 10 14.5 21.3 3:28p 8.1 6:41a 4.4 0.6 0.0 4.5 32.2 12:29p NW 11 17.1 25.8 3:14p 7.7 6:12a 3.6 2.4 0.0 5.8 29.0 11:50a SSW 12 20.3 28.4 3:21p 11.5 6:35a 1.8 3.8 0.0 6.1 33.8 1:51p SSW 13 21.4 29.8 2:15p 12.9 5:45a 1.4 4.6 0.0 5.3 32.2 1:55p SW 14 15.4 19.4 12:01a 11.0 11:43p 2.9 0.0 8.9 5.1 29.0 3:04p NW 15 13.6 19.3 3:59p 8.5 6:36a 4.7 0.0 0.0 3.7 20.9 6:01p NW 16 14.1 22.9 4:14p 6.2 6:57a 5.0 0.8 0.0 2.9 19.3 11:25a NW 17 17.2 24.2 2:09p 10.1 6:28a 2.7 1.7 0.0 5.1 32.2 2:54p SSE 18 14.8 19.1 1:12p 7.8 11:25p 3.5 0.0 29.0 7.2 38.6 3:49p NW 19 11.2 16.2 2:22p 6.0 6:39a 7.0 0.0 0.0 4.7 25.7 6:20p W 20 14.7 19.1 11:48a 11.3 12:01a 3.6 0.0 0.5 6.4 38.6 12:27p SSE 21 15.5 20.9 3:46p 10.4 7:03a 3.1 0.3 0.0 3.5 24.1 3:56p SSW 22 13.1 17.4 2:26p 9.2 11:59p 5.2 0.0 10.7 8.5 45.1 3:32p W 23 9.4 14.6 12:35p 5.8 11:32p 8.8 0.0 0.8 8.0 32.2 10:33a W 24 9.9 16.0 2:55p 2.3 7:11a 8.4 0.0 0.0 8.2 41.8 5:36p SW 25 16.9 22.9 1:59p 12.0 12:12a 2.3 1.0 0.0 11.9 38.6 3:36p SW 26 14.1 16.4 5:41p 7.4 11:57p 4.2 0.0 0.0 3.7 19.3 2:53p N 27 10.9 18.4 3:33p 4.6 7:13a 7.4 0.0 0.0 2.9 22.5 1:19p NNW 28 11.8 19.1 4:25p 5.1 7:02a 6.4 0.0 0.0 3.2 17.7 11:02a NNW 29 11.5 18.7 2:30p 6.9 7:32a 6.8 0.0 3.6 3.2 22.5 4:06p NNW 30 12.5 17.8 2:49p 8.9 5:53a 5.8 0.0 0.3 5.5 22.5 2:00p NNW ------------------------------------------------------------------------------------- 16.1 30.1 3 2.3 24 107.4 42.7 124.0 5.1 49.9 8 NNW Max >= 32.0: 0 Max <= 0.0: 0 Min <= 0.0: 0 Min <= -18.0: 0 Max Rain: 44.70 ON 04/09/12 Days of Rain: 9 (> .2 mm) 6 (> 2 mm) 3 (> 20 mm) Heat Base: 18.3 Cool Base: 18.3 Method: Integration