NOAA style reports

NOAA-style Climate Reports

2017: Jan | Feb | Mar | Apr | May | Jun | Jul | Aug | Sep | Oct | Nov | Dec 
2016: Jan | Feb | Mar | Apr | May | Jun | Jul | Aug | Sep | Oct | Nov | Dec 
2015: Jan | Feb | Mar | Apr | May | Jun | Jul | Aug | Sep | Oct | Nov | Dec 
2014: Jan | Feb | Mar | Apr | May | Jun | Jul | Aug | Sep | Oct | Nov | Dec 
2013: Jan | Feb | Mar | Apr | May | Jun | Jul | Aug | Sep | Oct | Nov | Dec 
2012: Jan | Feb | Mar | Apr | May | Jun | Jul | Aug | Sep | Oct | Nov | Dec 
2011: Jan | Feb | Mar | Apr | May | Jun | Jul | Aug | Sep | Oct | Nov | Dec 

Report for 2013 02
MONTHLY CLIMATOLOGICAL SUMMARY for FEB. 2013 NAME: Vaughan Weather CITY: Vaughan STATE: Ontario ELEV: 188 m LAT: 43 47' 23" N LONG: 79 36' 42" W TEMPERATURE (C), RAIN (mm), WIND SPEED (km/hr) HEAT COOL AVG MEAN DEG DEG WIND DOM DAY TEMP HIGH TIME LOW TIME DAYS DAYS RAIN SPEED HIGH TIME DIR ------------------------------------------------------------------------------------ 1 -8.7 -6.5 2:49p -11.1 7:28a 26.5 0.0 0.0 9.0 40.2 12:20p NW 2 -8.3 -5.3 3:05p -11.9 11:58p 26.2 0.0 0.0 9.8 33.8 2:00a SW 3 -9.4 -4.6 3:04p -14.9 5:43a 27.2 0.0 0.0 4.7 33.8 7:22p NNW 4 -8.7 -6.2 1:22p -11.6 10:58p 26.6 0.0 0.0 6.1 32.2 1:04a N 5 -7.2 -3.9 2:51p -11.9 7:45a 25.1 0.0 0.0 5.5 24.1 8:07p SW 6 -5.9 -3.3 2:48a -8.9 10:09p 23.9 0.0 0.0 8.0 30.6 6:13a NW 7 -6.8 -3.7 1:18p -8.4 12:01a 24.9 0.0 0.8 10.0 37.0 1:38p E 8 -8.4 -6.8 3:22a -9.6 9:32p 26.4 0.0 18.3 13.0 45.1 3:44p N 9 -8.5 -2.9 3:35p -12.5 11:58p 26.2 0.0 0.5 8.0 37.0 12:21a NNW 10 -6.3 1.1 2:04p -16.8 6:49a 24.3 0.0 0.0 6.4 29.0 4:11p ESE 11 2.3 6.9 1:12p 0.0 12:06a 15.6 0.0 2.0 11.9 45.1 2:24p SW 12 0.4 2.1 2:03a -1.0 9:30p 17.8 0.0 0.0 14.3 49.9 5:37a W 13 -1.8 1.1 2:47p -6.3 12:00m 20.0 0.0 0.0 5.0 19.3 5:57a NW 14 -1.1 1.6 11:58p -6.6 12:19a 19.2 0.0 1.5 6.3 24.1 12:50p SSE 15 -1.9 2.0 3:41a -7.7 10:48p 20.0 0.0 0.0 13.2 43.5 4:24a W 16 -6.6 -2.3 1:37p -10.1 3:05a 24.6 0.0 2.3 3.7 17.7 3:07p N 17 -12.9 -9.3 3:07p -17.5 7:31a 30.5 0.0 0.3 9.0 37.0 12:08p NNW 18 -8.4 0.0 11:52p -18.2 4:38a 26.4 0.0 0.0 6.3 29.0 1:39p ESE 19 0.3 4.1 11:45a -4.4 10:46p 17.4 0.0 6.3 14.0 57.9 8:02p SW 20 -6.3 -4.4 12:01a -7.9 12:00m 23.9 0.0 0.0 15.6 45.1 12:04p WNW 21 -8.8 -4.1 2:46p -14.3 7:16a 25.3 0.0 0.0 11.4 35.4 11:30a NNW 22 -3.4 0.6 11:47p -10.6 2:21a 21.2 0.0 0.3 10.9 51.5 12:55p ESE 23 0.7 2.6 12:22p -3.4 11:05p 17.5 0.0 0.0 7.4 29.0 2:37p S 24 -0.7 1.6 2:02p -3.0 12:01a 18.8 0.0 0.5 6.6 30.6 2:25p WNW 25 0.7 2.4 2:13p -0.8 7:07a 17.4 0.0 0.0 3.2 12.9 1:28a W 26 1.7 4.5 2:50p -1.7 6:30a 16.5 0.0 7.1 14.2 59.5 4:28p E 27 0.8 1.7 1:28p 0.3 11:39p 17.3 0.0 16.0 10.5 57.9 12:25a E 28 0.7 3.0 1:59p -1.2 12:00m 17.5 0.0 2.3 7.6 38.6 9:43p NNW ------------------------------------------------------------------------------------- -4.4 6.9 11 -18.2 18 624.1 0.0 58.2 9.0 59.5 26 NNW Max >= 32.0: 0 Max <= 0.0: 14 Min <= 0.0: 27 Min <= -18.0: 1 Max Rain: 18.29 ON 08/02/13 Days of Rain: 13 (> .2 mm) 7 (> 2 mm) 0 (> 20 mm) Heat Base: 18.3 Cool Base: 18.3 Method: Integration