NOAA style reports

NOAA-style Climate Reports

2017: Jan | Feb | Mar | Apr | May | Jun | Jul | Aug | Sep | Oct | Nov | Dec 
2016: Jan | Feb | Mar | Apr | May | Jun | Jul | Aug | Sep | Oct | Nov | Dec 
2015: Jan | Feb | Mar | Apr | May | Jun | Jul | Aug | Sep | Oct | Nov | Dec 
2014: Jan | Feb | Mar | Apr | May | Jun | Jul | Aug | Sep | Oct | Nov | Dec 
2013: Jan | Feb | Mar | Apr | May | Jun | Jul | Aug | Sep | Oct | Nov | Dec 
2012: Jan | Feb | Mar | Apr | May | Jun | Jul | Aug | Sep | Oct | Nov | Dec 
2011: Jan | Feb | Mar | Apr | May | Jun | Jul | Aug | Sep | Oct | Nov | Dec 

Report for 2015 07
MONTHLY CLIMATOLOGICAL SUMMARY for JUN. 2015 NAME: Vaughan Weather CITY: Vaughan STATE: Ontario ELEV: 188 m LAT: 43 47' 23" N LONG: 79 36' 42" W TEMPERATURE (C), RAIN (mm), WIND SPEED (km/hr) HEAT COOL AVG MEAN DEG DEG WIND DOM DAY TEMP HIGH TIME LOW TIME DAYS DAYS RAIN SPEED HIGH TIME DIR ------------------------------------------------------------------------------------ 1 12.3 18.6 4:42p 7.2 5:58a 6.0 0.0 0.0 5.0 22.5 9:44a N 2 14.6 21.4 3:51p 6.9 6:07a 4.2 0.5 0.0 4.8 30.6 1:00p SSE 3 15.7 21.8 4:48p 7.7 6:01a 3.6 0.9 0.0 5.5 27.4 1:41p ESE 4 17.8 23.6 5:53p 10.2 6:07a 2.3 1.8 0.0 4.3 25.7 1:39p S 5 18.7 26.9 1:09p 13.8 5:48a 1.2 1.6 13.7 4.7 25.7 6:57p N 6 15.3 20.7 2:11p 9.9 6:07a 3.3 0.3 0.0 7.2 32.2 7:54a N 7 16.2 23.9 2:48p 6.8 5:53a 3.3 1.2 0.3 6.3 32.2 2:00p SSE 8 20.9 23.9 6:08p 18.7 12:01a 0.0 2.6 29.7 7.6 32.2 7:28a SSW 9 18.8 22.9 6:29p 15.2 8:01a 0.9 1.3 1.5 5.0 24.1 12:05p NW 10 19.3 28.7 4:54p 11.8 5:18a 1.7 2.7 7.6 8.5 54.7 1:58p NW 11 19.3 25.4 2:55p 13.2 6:02a 1.3 2.3 0.0 7.1 27.4 8:48a WNW 12 16.4 17.8 12:21p 14.4 11:57p 1.9 0.0 12.4 3.4 25.7 1:40p N 13 19.0 25.5 4:57p 14.2 12:16a 1.4 2.1 0.0 2.7 22.5 3:53p SSE 14 18.2 21.3 10:33a 16.1 3:33a 0.5 0.4 1.3 2.7 19.3 9:19a ESE 15 21.8 27.3 3:40p 17.8 4:54a 0.1 3.6 0.0 3.4 24.1 5:20p SSE 16 22.1 27.4 2:13p 17.1 12:00m 0.0 3.8 16.3 8.5 38.6 5:25p NNW 17 18.6 23.4 4:54p 13.0 5:49a 1.3 1.6 0.0 6.8 30.6 10:42a ESE 18 20.4 27.7 2:22p 12.8 6:09a 1.3 3.4 0.0 5.1 33.8 6:00p N 19 18.5 22.8 5:32p 14.2 11:52p 1.0 1.2 0.0 6.6 25.7 2:36a N 20 18.8 25.7 5:10p 10.2 5:46a 2.2 2.7 0.0 3.9 24.1 3:38p SSE 21 22.8 28.7 1:51p 18.6 5:46a 0.0 4.5 0.0 7.7 37.0 2:43p NW 22 21.6 28.1 2:37p 15.2 5:37a 0.6 3.8 9.9 6.0 37.0 5:11p SSE 23 21.2 25.4 9:43a 16.1 11:56p 0.1 3.1 14.7 15.0 54.7 12:26p WNW 24 20.4 27.3 5:32p 12.7 5:49a 1.4 3.6 0.0 6.6 30.6 3:22p NW 25 18.5 23.0 12:44p 15.3 6:01a 0.8 1.0 6.1 2.6 22.5 2:13p N 26 19.4 24.9 3:33p 13.7 5:32a 1.2 2.2 0.0 4.3 25.7 12:42p NNW 27 16.4 18.8 11:20a 13.7 11:55p 1.9 0.0 3.3 11.1 48.3 7:30p E 28 14.3 16.3 5:31p 12.6 6:28a 4.0 0.0 2.0 8.2 41.8 12:31a NNW 29 19.4 25.9 2:57p 14.2 6:13a 1.4 2.5 0.3 5.3 30.6 6:33p NW 30 17.2 20.4 10:44a 14.6 4:00a 1.3 0.2 0.0 4.0 27.4 11:23a ESE ------------------------------------------------------------------------------------- 18.5 28.7 21 6.8 7 50.3 55.0 119.1 6.0 54.7 10 NNW Max >= 32.0: 0 Max <= 0.0: 0 Min <= 0.0: 0 Min <= -18.0: 0 Max Rain: 29.72 ON 06/08/15 Days of Rain: 14 (> .2 mm) 10 (> 2 mm) 1 (> 20 mm) Heat Base: 18.3 Cool Base: 18.3 Method: Integration