NOAA style reports

NOAA-style Climate Reports

2017: Jan | Feb | Mar | Apr | May | Jun | Jul | Aug | Sep | Oct | Nov | Dec 
2016: Jan | Feb | Mar | Apr | May | Jun | Jul | Aug | Sep | Oct | Nov | Dec 
2015: Jan | Feb | Mar | Apr | May | Jun | Jul | Aug | Sep | Oct | Nov | Dec 
2014: Jan | Feb | Mar | Apr | May | Jun | Jul | Aug | Sep | Oct | Nov | Dec 
2013: Jan | Feb | Mar | Apr | May | Jun | Jul | Aug | Sep | Oct | Nov | Dec 
2012: Jan | Feb | Mar | Apr | May | Jun | Jul | Aug | Sep | Oct | Nov | Dec 
2011: Jan | Feb | Mar | Apr | May | Jun | Jul | Aug | Sep | Oct | Nov | Dec 

Report for 2017 03
MONTHLY CLIMATOLOGICAL SUMMARY for FEB. 2017 NAME: Vaughan Weather CITY: Vaughan STATE: Ontario ELEV: 188 m LAT: 43 47' 23" N LONG: 79 36' 42" W TEMPERATURE (C), RAIN (mm), WIND SPEED (km/hr) HEAT COOL AVG MEAN DEG DEG WIND DOM DAY TEMP HIGH TIME LOW TIME DAYS DAYS RAIN SPEED HIGH TIME DIR ------------------------------------------------------------------------------------ 1 -1.1 2.6 2:12p -5.1 2:55a 19.3 0.0 0.5 10.5 40.2 11:07a WSW 2 -4.9 -2.8 12:01a -6.4 8:11p 23.1 0.0 0.0 11.9 53.1 1:15p W 3 -6.9 -4.2 1:17p -9.1 6:46a 24.9 0.0 0.0 14.6 40.2 2:04p WSW 4 -5.4 -2.4 3:58p -7.8 8:51a 23.5 0.0 0.0 12.4 41.8 11:15a SW 5 -2.0 0.4 4:34p -4.1 12:01a 20.2 0.0 0.5 12.6 43.5 5:14p SW 6 -1.7 2.3 3:42p -5.8 6:03a 20.0 0.0 0.0 4.5 27.4 12:21a SW 7 -0.3 3.5 11:59p -1.4 12:27p 18.5 0.0 11.4 7.9 40.2 1:06p E 8 -1.9 3.6 12:05a -7.5 11:55p 20.2 0.0 0.0 15.6 54.7 4:28a WNW 9 -8.2 -3.6 2:32p -12.1 7:25a 26.1 0.0 0.0 10.1 38.6 6:21p W 10 -5.4 -2.6 10:41p -7.6 1:09a 23.6 0.0 2.5 11.9 43.5 3:59a W 11 0.4 4.7 1:11p -3.1 7:24a 17.7 0.0 0.0 2.6 17.7 11:13a WNW 12 -1.7 1.4 12:01a -4.4 7:26a 19.9 0.0 10.9 9.3 59.5 9:50p ESE 13 -3.1 -0.9 4:01p -7.3 11:57p 21.2 0.0 0.0 13.8 49.9 12:37a NW 14 -0.3 5.3 12:35p -7.6 12:30a 18.5 0.0 0.3 5.8 40.2 3:30p SW 15 -1.6 1.5 12:01a -5.9 11:58p 19.9 0.0 0.0 11.1 37.0 2:49p NW 16 -6.9 -2.4 3:42p -10.4 7:40a 25.0 0.0 0.0 11.1 38.6 11:55a NNW 17 -2.8 1.7 1:38p -8.4 12:01a 20.9 0.0 0.0 2.6 20.9 3:45p SSE 18 4.8 12.6 1:03p -4.3 6:58a 13.4 0.0 0.0 6.4 37.0 1:17p W 19 5.8 11.9 12:37p 0.7 12:00m 12.5 0.0 0.0 6.4 33.8 1:47p WNW 20 1.8 7.8 2:24p -1.6 7:32a 16.5 0.0 0.0 3.5 22.5 11:24p NNW 21 3.2 6.7 1:11p 0.6 4:39a 15.1 0.0 1.8 3.1 25.7 1:58a ESE 22 5.9 9.2 4:09p 3.4 12:01a 12.3 0.0 0.0 1.6 19.3 5:09p SSE 23 9.9 17.6 1:27p 4.4 11:51p 8.4 0.0 0.3 9.2 49.9 1:03p NW 24 4.6 5.8 5:42p 3.7 3:33a 13.7 0.0 4.6 6.1 30.6 9:07a ESE 25 3.3 7.5 1:17p -2.3 10:59p 15.0 0.0 7.6 12.6 51.5 5:17p W 26 -0.7 2.7 3:04p -4.4 4:12a 18.9 0.0 0.5 13.4 41.8 1:06a SW 27 4.4 9.2 2:31p 0.2 11:59p 13.8 0.0 0.0 8.5 38.6 12:33p SW 28 4.4 9.3 3:03p -1.5 7:09a 13.8 0.0 3.8 2.9 29.0 2:09p ESE ------------------------------------------------------------------------------------- -0.2 17.6 23 -12.1 9 516.0 0.0 44.7 8.6 59.5 12 W Max >= 32.0: 0 Max <= 0.0: 7 Min <= 0.0: 22 Min <= -18.0: 0 Max Rain: 11.43 ON 02/07/17 Days of Rain: 12 (> .2 mm) 6 (> 2 mm) 0 (> 20 mm) Heat Base: 18.3 Cool Base: 18.3 Method: Integration